{"id":12657,"date":"2024-01-22T23:44:11","date_gmt":"2024-01-22T23:44:11","guid":{"rendered":"https:\/\/elcaminoess.com\/itinerario\/hierbas-del-tera"},"modified":"2024-04-16T07:43:05","modified_gmt":"2024-04-16T07:43:05","slug":"hierbas-del-tera","status":"publish","type":"itineraries","link":"https:\/\/elcaminoess.com\/gl\/itinerario\/hierbas-del-tera","title":{"rendered":"Hierbas del Tera"},"content":{"rendered":"","protected":false},"excerpt":{"rendered":"<p>Pasea entre plantas arom\u00e1ticas e medicinais e co\u00f1ece o cami\u00f1o que vai dende o seu cultivo respectuoso e transformaci\u00f3n artesanal ata converterse nas infusi\u00f3ns e condimentos TERA VIVA que poder\u00e1s degustar ao final da experiencia.<\/p>\n","protected":false},"featured_media":10441,"comment_status":"closed","ping_status":"closed","template":"","meta":{"advanced_seo_description":"","jetpack_seo_html_title":"","jetpack_seo_noindex":false,"wp_travel_lat":"","wp_travel_lng":"","wp_travel_trip_map_use_lat_lng":"no","wp_travel_location":"Hierbas del Tera S. Coop., 42.007603, -5.848724, 49622 Quiruelas de Vidriales, Zamora","wp_travel_overview":"<p><span style=\"font-weight: 400\">Co\u00f1ece a nosa cooperativa, un lugar diferente na rivera do rio Tera. Pasea entre plantas arom\u00e1ticas e medicinais e co\u00f1ece o cami\u00f1o que transcorre desde o seu cultivo respectuoso e a s\u00faa transformaci\u00f3n artesanal ata converterse nas infusi\u00f3ns e os condimentos TERA VIVA que poder\u00e1s degustar ao final da experiencia.<\/span><\/p>\n<p><span style=\"font-weight: 400\">Reservar con antelaci\u00f3n.<\/span><\/p>\n<p><button class=\"wp-travel-booknow-btn\" data-gramm=\"false\">RESERVA \u270c\u00a0<\/button><\/p>\n<p>Datos de contacto:<\/p>\n<ul>\n<li><span style=\"font-weight: 400\">Tel\u00e9fono: 619 925 338 \/ 606 110 760<\/span><\/li>\n<li><span style=\"font-weight: 400\">Correo electr\u00f3nico: info@teraviva.es<\/span><\/li>\n<li><span style=\"font-weight: 400\">P\u00e1xina web: <\/span><a href=\"http:\/\/www.teraviva.es\/\"><span style=\"font-weight: 400\">www.teraviva.es<\/span><\/a><\/li>\n<li><span style=\"font-weight: 400\">Redes Sociais: <\/span><a href=\"https:\/\/www.instagram.com\/hierbasdeltera\/?hl=es\"><span style=\"font-weight: 400\">@tera.viva<\/span><\/a><\/li>\n<\/ul>\n<p>\u00a0<\/p>","wp_travel_outline":"<h4><span style=\"font-weight: 400\">PRIMEIRO<\/span><\/h4>\n<h3><b>Quen somos<\/b><\/h3>\n<p><span style=\"font-weight: 400\">Co\u00f1ece a historia de Herbas do Tera: como Montse e Irene cambiaron a cidade pola \u201cnarruraleza\u201d* seguindo as s\u00faas ra\u00edces para coidar de 4.000 plantas nunha antiga granxa.<\/span><span style=\"font-weight: 400\"><br \/><\/span><span style=\"font-weight: 400\">*Palabra inventada por erro, pero que define moi ben onde queremos estar.<\/span><\/p>\n<h4><span style=\"font-weight: 400\">SEGUNDO<\/span><\/h4>\n<h3><b>Visita o campo de arom\u00e1ticas<\/b><\/h3>\n<p><span style=\"font-weight: 400\">Co\u00f1ece m\u00e1is de 15 especies que poder\u00e1s tocar e cheirar e se v\u00e9s na primavera, poder\u00e1s ver tam\u00e9n as cores da floraci\u00f3n.<\/span><\/p>\n<h4><span style=\"font-weight: 400\">TERCEIRO<\/span><\/h4>\n<h3><b>Elaboraci\u00f3n dos nosos produtos<\/b><\/h3>\n<p><span style=\"font-weight: 400\">Breve visita \u00e1s instalaci\u00f3ns onde transformamos as plantas en infusi\u00f3ns e condimentos.<\/span><\/p>\n<h4><span style=\"font-weight: 400\">CUARTO<\/span><\/h4>\n<h3><b>E por \u00faltimo<\/b><\/h3>\n<p><span style=\"font-weight: 400\">Degustaci\u00f3n de infusi\u00f3ns e test de aromas.<\/span><\/p>","wp_travel_trip_include":"","wp_travel_trip_exclude":""},"itinerary_types":[502],"travel_locations":[498],"travel_keywords":[528,1094,1095,1183,565,557,1093,520,1106,1153],"activity":[220,336,628,626],"class_list":["post-12657","itineraries","type-itineraries","status-publish","has-post-thumbnail","hentry","itinerary_types-agroalimentario-gl","travel_locations-castela-e-leon","travel_keywords-agricultura-gl","travel_keywords-amigos-gl","travel_keywords-campo-gl","travel_keywords-degustacion-de-infusions-gl","travel_keywords-desenvolvemento-rural","travel_keywords-experiencia-gl","travel_keywords-grupos-gl","travel_keywords-natureza","travel_keywords-plantas-aromaticas-gl","travel_keywords-zamora-gl","activity-aire-libre","activity-bienestar","activity-cata-de-infusiones-experiencia-aromatica","activity-experiencia-aromatica"],"jetpack_sharing_enabled":true,"_links":{"self":[{"href":"https:\/\/elcaminoess.com\/gl\/wp-json\/wp\/v2\/itineraries\/12657","targetHints":{"allow":["GET"]}}],"collection":[{"href":"https:\/\/elcaminoess.com\/gl\/wp-json\/wp\/v2\/itineraries"}],"about":[{"href":"https:\/\/elcaminoess.com\/gl\/wp-json\/wp\/v2\/types\/itineraries"}],"replies":[{"embeddable":true,"href":"https:\/\/elcaminoess.com\/gl\/wp-json\/wp\/v2\/comments?post=12657"}],"version-history":[{"count":1,"href":"https:\/\/elcaminoess.com\/gl\/wp-json\/wp\/v2\/itineraries\/12657\/revisions"}],"predecessor-version":[{"id":13062,"href":"https:\/\/elcaminoess.com\/gl\/wp-json\/wp\/v2\/itineraries\/12657\/revisions\/13062"}],"wp:featuredmedia":[{"embeddable":true,"href":"https:\/\/elcaminoess.com\/gl\/wp-json\/wp\/v2\/media\/10441"}],"wp:attachment":[{"href":"https:\/\/elcaminoess.com\/gl\/wp-json\/wp\/v2\/media?parent=12657"}],"wp:term":[{"taxonomy":"itinerary_types","embeddable":true,"href":"https:\/\/elcaminoess.com\/gl\/wp-json\/wp\/v2\/itinerary_types?post=12657"},{"taxonomy":"travel_locations","embeddable":true,"href":"https:\/\/elcaminoess.com\/gl\/wp-json\/wp\/v2\/travel_locations?post=12657"},{"taxonomy":"travel_keywords","embeddable":true,"href":"https:\/\/elcaminoess.com\/gl\/wp-json\/wp\/v2\/travel_keywords?post=12657"},{"taxonomy":"activity","embeddable":true,"href":"https:\/\/elcaminoess.com\/gl\/wp-json\/wp\/v2\/activity?post=12657"}],"curies":[{"name":"wp","href":"https:\/\/api.w.org\/{rel}","templated":true}]}}

<p>Pasea entre plantas aromáticas e medicinais e coñece o camiño que vai dende o seu cultivo respectuoso e transformación artesanal ata converterse nas infusións e condimentos TERA VIVA que poderás degustar ao final da experiencia.</p>

<p><span style="font-weight: 400">Coñece a nosa cooperativa, un lugar diferente na rivera do rio Tera. Pasea entre plantas aromáticas e medicinais e coñece o camiño que transcorre desde o seu cultivo respectuoso e a súa transformación artesanal ata converterse nas infusións e os condimentos TERA VIVA que poderás degustar ao final da experiencia.</span></p>
<p><span style="font-weight: 400">Reservar con antelación.</span></p>
<p><button class="wp-travel-booknow-btn" data-gramm="false">RESERVA ✌ </button></p>
<p>Datos de contacto:</p>
<ul>
<li><span style="font-weight: 400">Teléfono: 619 925 338 / 606 110 760</span></li>
<li><span style="font-weight: 400">Correo electrónico: info@teraviva.es</span></li>
<li><span style="font-weight: 400">Páxina web: </span><a href="http://www.teraviva.es/"><span style="font-weight: 400">www.teraviva.es</span></a></li>
<li><span style="font-weight: 400">Redes Sociais: </span><a href="https://www.instagram.com/hierbasdeltera/?hl=es"><span style="font-weight: 400">@tera.viva</span></a></li>
</ul>
<p> </p>

<h4><span style="font-weight: 400">PRIMEIRO</span></h4>
<h3><b>Quen somos</b></h3>
<p><span style="font-weight: 400">Coñece a historia de Herbas do Tera: como Montse e Irene cambiaron a cidade pola “narruraleza”* seguindo as súas raíces para coidar de 4.000 plantas nunha antiga granxa.</span><span style="font-weight: 400"><br /></span><span style="font-weight: 400">*Palabra inventada por erro, pero que define moi ben onde queremos estar.</span></p>
<h4><span style="font-weight: 400">SEGUNDO</span></h4>
<h3><b>Visita o campo de aromáticas</b></h3>
<p><span style="font-weight: 400">Coñece máis de 15 especies que poderás tocar e cheirar e se vés na primavera, poderás ver tamén as cores da floración.</span></p>
<h4><span style="font-weight: 400">TERCEIRO</span></h4>
<h3><b>Elaboración dos nosos produtos</b></h3>
<p><span style="font-weight: 400">Breve visita ás instalacións onde transformamos as plantas en infusións e condimentos.</span></p>
<h4><span style="font-weight: 400">CUARTO</span></h4>
<h3><b>E por último</b></h3>
<p><span style="font-weight: 400">Degustación de infusións e test de aromas.</span></p>
