{"id":12646,"date":"2024-02-23T18:34:43","date_gmt":"2024-02-23T18:34:43","guid":{"rendered":"https:\/\/elcaminoess.com\/itinerario\/el-puchero-de-villasur"},"modified":"2024-04-16T09:15:03","modified_gmt":"2024-04-16T09:15:03","slug":"el-puchero-de-villasur","status":"publish","type":"itineraries","link":"https:\/\/elcaminoess.com\/gl\/itinerario\/el-puchero-de-villasur","title":{"rendered":"El Puchero de Villasur"},"content":{"rendered":"","protected":false},"excerpt":{"rendered":"<p>Tr\u00e1tase dunha iniciativa para o abastecemento pr\u00f3ximo e consciente de alimentos das ricas hortas da chaira do Arlanz\u00f3n e da sementeira do Monte.<\/p>\n","protected":false},"featured_media":11452,"comment_status":"closed","ping_status":"closed","template":"","meta":{"advanced_seo_description":"","jetpack_seo_html_title":"","jetpack_seo_noindex":false,"wp_travel_lat":"","wp_travel_lng":"","wp_travel_trip_map_use_lat_lng":"no","wp_travel_location":"Pza. Centro, 15,  09199-Villasur de Herreros (Burgos)","wp_travel_overview":"<p><span style=\"font-weight: 400\">\u00c9 unha iniciativa para o <\/span><b>abastecemento pr\u00f3ximo e consciente de alimentos<\/b><span style=\"font-weight: 400\"> a partir das hortas de Villasur <\/span><b>de Herreros<\/b><span style=\"font-weight: 400\"> (Burgos).<\/span><\/p>\n<p><span style=\"font-weight: 400\">Establecemos unha <\/span><b>relaci\u00f3n directa entre produci\u00f3n e consumo<\/b><span style=\"font-weight: 400\">, pola cal se facilita un co\u00f1ecemento profundo entre ambas as partes, as\u00ed como das cuesti\u00f3ns relacionadas coa produci\u00f3n e a s\u00faa incidencia sobre o territorio.<\/span><\/p>\n<p><span style=\"font-weight: 400\">Nas hortas seguimos <\/span><b>m\u00e9todos de agricultura ecol\u00f3xica<\/b><span style=\"font-weight: 400\">, cunha escasa mecanizaci\u00f3n e sen usar produtos contaminantes.<\/span><\/p>\n<p><span style=\"font-weight: 400\">Co <\/span><b><i>Puchero<\/i><\/b><span style=\"font-weight: 400\"> pretendemos <\/span><b>reconectar \u00e1s persoas coa terra mediante a alimentaci\u00f3n<\/b><span style=\"font-weight: 400\"> para que o consumo te\u00f1a un <\/span><b>reflexo positivo sobre o territorio<\/b><span style=\"font-weight: 400\"> e os seus habitantes. Desta maneira conseguimos dar vida \u00e1s terras que hoxe d\u00eda se atopan en desuso, obter alimentos sans e pr\u00f3ximos e proporcionar medios de vida a persoas que habitan o medio rural.<\/span><\/p>\n<p><button class=\"wp-travel-booknow-btn\" data-gramm=\"false\">RESERVA \u270c <\/button><\/p>\n<p>Datos de contacto:<\/p>\n<ul>\n<li><span style=\"font-weight: 400\">Tel\u00e9fono: 639 063 590<\/span><\/li>\n<li><span style=\"font-weight: 400\">Correo electr\u00f3nico: elpuchero@tutanota.com<\/span><\/li>\n<li><span style=\"font-weight: 400\">P\u00e1xina web: <\/span><a href=\"https:\/\/elpucherodevillasur.wordpress.com\/que-es-el-puchero-de-villasur\/\"><span style=\"font-weight: 400\">www.pucherovillasur.com<\/span><\/a><\/li>\n<li><span style=\"font-weight: 400\">Redes Sociais: <\/span><a href=\"https:\/\/www.instagram.com\/elpucherodevillasur\/?hl=es\"><span style=\"font-weight: 400\">@pucherovillasur<\/span><\/a><\/li>\n<\/ul>","wp_travel_outline":"<h2><b>Itinerario<\/b><\/h2>\n<h4><span style=\"font-weight: 400\">CO\u00d1ECER AS EGUAS DO PUCHERO<\/span><\/h4>\n<p><span style=\"font-weight: 400\">Paseo polo monte para ver os lugares onde est\u00e1n as eguas.<\/span><span style=\"font-weight: 400\"><br \/><br \/><\/span><\/p>\n<h4><span style=\"font-weight: 400\">CO\u00d1ECER A HORTA DO PUCHERO<\/span><\/h4>\n<p><span style=\"font-weight: 400\">Paseo polas hortas e explicaci\u00f3n dos cultivos, como nos organizamos, que recursos temos, etc.<\/span><\/p>\n<h4><span style=\"font-weight: 400\">CO\u00d1ECER OS LABORES DE DEFORESTACI\u00d3N<\/span><\/h4>\n<p><span style=\"font-weight: 400\">Posibilidade de visitar mentres traballamos, ex. Poda de carballos.<\/span><\/p>","wp_travel_trip_include":"","wp_travel_trip_exclude":""},"itinerary_types":[515,556,589,516],"travel_locations":[498],"travel_keywords":[1094,587,1143,1146,1144,557,590,1142,1093,520,1111,1139,1119,1129,1145],"activity":[220,287,269],"class_list":["post-12646","itineraries","type-itineraries","status-publish","has-post-thumbnail","hentry","itinerary_types-educacion-ambiental-gl","itinerary_types-escola","itinerary_types-familiar-gl","itinerary_types-percorrido-e-observacion","travel_locations-castela-e-leon","travel_keywords-amigos-gl","travel_keywords-art","travel_keywords-burgos-gl","travel_keywords-consumo-responsable-gl","travel_keywords-estrellas-gl","travel_keywords-experiencia-gl","travel_keywords-familia-gl","travel_keywords-ganaderia-gl","travel_keywords-grupos-gl","travel_keywords-natureza","travel_keywords-patrimonio-gl","travel_keywords-relax-gl","travel_keywords-rural-gl","travel_keywords-vivencial-gl","travel_keywords-yeguada-gl","activity-aire-libre","activity-experiencia-gastronomica","activity-visita-granja"],"jetpack_sharing_enabled":true,"_links":{"self":[{"href":"https:\/\/elcaminoess.com\/gl\/wp-json\/wp\/v2\/itineraries\/12646","targetHints":{"allow":["GET"]}}],"collection":[{"href":"https:\/\/elcaminoess.com\/gl\/wp-json\/wp\/v2\/itineraries"}],"about":[{"href":"https:\/\/elcaminoess.com\/gl\/wp-json\/wp\/v2\/types\/itineraries"}],"replies":[{"embeddable":true,"href":"https:\/\/elcaminoess.com\/gl\/wp-json\/wp\/v2\/comments?post=12646"}],"version-history":[{"count":1,"href":"https:\/\/elcaminoess.com\/gl\/wp-json\/wp\/v2\/itineraries\/12646\/revisions"}],"predecessor-version":[{"id":13097,"href":"https:\/\/elcaminoess.com\/gl\/wp-json\/wp\/v2\/itineraries\/12646\/revisions\/13097"}],"wp:featuredmedia":[{"embeddable":true,"href":"https:\/\/elcaminoess.com\/gl\/wp-json\/wp\/v2\/media\/11452"}],"wp:attachment":[{"href":"https:\/\/elcaminoess.com\/gl\/wp-json\/wp\/v2\/media?parent=12646"}],"wp:term":[{"taxonomy":"itinerary_types","embeddable":true,"href":"https:\/\/elcaminoess.com\/gl\/wp-json\/wp\/v2\/itinerary_types?post=12646"},{"taxonomy":"travel_locations","embeddable":true,"href":"https:\/\/elcaminoess.com\/gl\/wp-json\/wp\/v2\/travel_locations?post=12646"},{"taxonomy":"travel_keywords","embeddable":true,"href":"https:\/\/elcaminoess.com\/gl\/wp-json\/wp\/v2\/travel_keywords?post=12646"},{"taxonomy":"activity","embeddable":true,"href":"https:\/\/elcaminoess.com\/gl\/wp-json\/wp\/v2\/activity?post=12646"}],"curies":[{"name":"wp","href":"https:\/\/api.w.org\/{rel}","templated":true}]}}

<p>Trátase dunha iniciativa para o abastecemento próximo e consciente de alimentos das ricas hortas da chaira do Arlanzón e da sementeira do Monte.</p>

<p><span style="font-weight: 400">É unha iniciativa para o </span><b>abastecemento próximo e consciente de alimentos</b><span style="font-weight: 400"> a partir das hortas de Villasur </span><b>de Herreros</b><span style="font-weight: 400"> (Burgos).</span></p>
<p><span style="font-weight: 400">Establecemos unha </span><b>relación directa entre produción e consumo</b><span style="font-weight: 400">, pola cal se facilita un coñecemento profundo entre ambas as partes, así como das cuestións relacionadas coa produción e a súa incidencia sobre o territorio.</span></p>
<p><span style="font-weight: 400">Nas hortas seguimos </span><b>métodos de agricultura ecolóxica</b><span style="font-weight: 400">, cunha escasa mecanización e sen usar produtos contaminantes.</span></p>
<p><span style="font-weight: 400">Co </span><b><i>Puchero</i></b><span style="font-weight: 400"> pretendemos </span><b>reconectar ás persoas coa terra mediante a alimentación</b><span style="font-weight: 400"> para que o consumo teña un </span><b>reflexo positivo sobre o territorio</b><span style="font-weight: 400"> e os seus habitantes. Desta maneira conseguimos dar vida ás terras que hoxe día se atopan en desuso, obter alimentos sans e próximos e proporcionar medios de vida a persoas que habitan o medio rural.</span></p>
<p><button class="wp-travel-booknow-btn" data-gramm="false">RESERVA ✌ </button></p>
<p>Datos de contacto:</p>
<ul>
<li><span style="font-weight: 400">Teléfono: 639 063 590</span></li>
<li><span style="font-weight: 400">Correo electrónico: elpuchero@tutanota.com</span></li>
<li><span style="font-weight: 400">Páxina web: </span><a href="https://elpucherodevillasur.wordpress.com/que-es-el-puchero-de-villasur/"><span style="font-weight: 400">www.pucherovillasur.com</span></a></li>
<li><span style="font-weight: 400">Redes Sociais: </span><a href="https://www.instagram.com/elpucherodevillasur/?hl=es"><span style="font-weight: 400">@pucherovillasur</span></a></li>
</ul>

<h2><b>Itinerario</b></h2>
<h4><span style="font-weight: 400">COÑECER AS EGUAS DO PUCHERO</span></h4>
<p><span style="font-weight: 400">Paseo polo monte para ver os lugares onde están as eguas.</span><span style="font-weight: 400"><br /><br /></span></p>
<h4><span style="font-weight: 400">COÑECER A HORTA DO PUCHERO</span></h4>
<p><span style="font-weight: 400">Paseo polas hortas e explicación dos cultivos, como nos organizamos, que recursos temos, etc.</span></p>
<h4><span style="font-weight: 400">COÑECER OS LABORES DE DEFORESTACIÓN</span></h4>
<p><span style="font-weight: 400">Posibilidade de visitar mentres traballamos, ex. Poda de carballos.</span></p>
