{"id":12645,"date":"2024-02-26T13:11:45","date_gmt":"2024-02-26T13:11:45","guid":{"rendered":"https:\/\/elcaminoess.com\/itinerario\/amalur-yoga-nature"},"modified":"2024-04-16T09:17:28","modified_gmt":"2024-04-16T09:17:28","slug":"amalur-yoga-nature","status":"publish","type":"itineraries","link":"https:\/\/elcaminoess.com\/gl\/itinerario\/amalur-yoga-nature","title":{"rendered":"Amalur Yoga &amp; Nature"},"content":{"rendered":"","protected":false},"excerpt":{"rendered":"<p>Percorrido pola Lagoa das Salinas da Reserva Las Lagunas de Villaf\u00e1fila, co\u00f1ecendo flora e fauna, e os seus incribles Palomares.<\/p>\n","protected":false},"featured_media":11625,"comment_status":"open","ping_status":"closed","template":"","meta":{"advanced_seo_description":"","jetpack_seo_html_title":"","jetpack_seo_noindex":false,"wp_travel_lat":"","wp_travel_lng":"","wp_travel_trip_map_use_lat_lng":"no","wp_travel_location":"42317 Ucero, Soria","wp_travel_overview":"<p><span style=\"font-weight: 400\">Actividades en plena natureza, buscando xerar conexi\u00f3ns entre o humano e o terreal. Para iso Bel\u00e9n realiza diferentes sesi\u00f3ns e actividades:<\/span><\/p>\n<ul>\n<li style=\"font-weight: 400\"><span style=\"font-weight: 400\">Visita guiada polo Can\u00f3n do R\u00edo Lobo.<\/span><\/li>\n<li style=\"font-weight: 400\"><span style=\"font-weight: 400\">Ba\u00f1o de Bosque.<\/span><\/li>\n<li style=\"font-weight: 400\"><span style=\"font-weight: 400\">Ioga na natureza.<\/span><\/li>\n<li style=\"font-weight: 400\"><span style=\"font-weight: 400\">Educaci\u00f3n Micol\u00f3xica.<\/span><\/li>\n<\/ul>\n<p><span style=\"font-weight: 400\">Para todo tipo de persoas e ideal para grupos de amigos, de traballo, familias e demais. Para m\u00e1is informaci\u00f3n ir a Itinerario.<\/span><\/p>\n<p><button class=\"wp-travel-booknow-btn\" data-gramm=\"false\">RESERVA \u270c <\/button><\/p>\n<p>Datos de contacto:<\/p>\n<ul>\n<li><span style=\"font-weight: 400\">Tel\u00e9fono: 687 920 094<\/span><\/li>\n<li><span style=\"font-weight: 400\">Correo electr\u00f3nico: amaluryoganature@gmail.com<\/span><\/li>\n<li><span style=\"font-weight: 400\">Redes Sociais: <\/span><a href=\"https:\/\/www.instagram.com\/hoteldonamayor_fromista\/?hl=es\"><span style=\"font-weight: 400\">@amaluryoga&amp;nature<\/span><\/a><\/li>\n<\/ul>","wp_travel_outline":"<h2><b>Itinerario<\/b><\/h2>\n<h4><span style=\"font-weight: 400\">VISITA CAN\u00d3N R\u00cdO LOBO<\/span><\/h4>\n<p><span style=\"font-weight: 400\">Iniciamos a visita no parking de Valdecea ata onde se pode acceder co coche. Realizaremos unha introduci\u00f3n sobre o Can\u00f3n e cami\u00f1aremos pola Senda do R\u00edo onde imos realizando varias paradas para falar sobre os valores naturais deste Espazo Natural, como son as formaci\u00f3ns xeol\u00f3xicas, flora, fauna, os rastros e o que vaia xurdindo polo cami\u00f1o, ata chegar \u00e1 ermida de San Bartolom\u00e9.<\/span><\/p>\n<h4><span style=\"font-weight: 400\">BA\u00d1O DE BOSQUE<\/span><\/h4>\n<p><span style=\"font-weight: 400\">Un ba\u00f1o de bosque \u00e9 unha forma innata de descubrir o bosque, sentindo a trav\u00e9s del, o benestar que a natureza nos achega. Adentr\u00e1monos a descubrilo a trav\u00e9s dos sentidos, memorias, e conexi\u00f3n co m\u00e1is profundo da nosa esencia, recuperando o contacto coa natureza, e xerando ou recuperando de novo un v\u00ednculo co bosque e aprenderemos as\u00ed a valorar a s\u00faa importancia na nosa vida e na nosa existencia.<\/span><\/p>\n<h4><span style=\"font-weight: 400\">IOGA NA NATUREZA<\/span><\/h4>\n<p><span style=\"font-weight: 400\">Realizamos sesi\u00f3ns de ioga na natureza, adaptadas a grupos, familias\u2026<\/span><span style=\"font-weight: 400\"><br \/><\/span><span style=\"font-weight: 400\">\u00c1s veces no Can\u00f3n de R\u00edo Lobos, e outras nalg\u00fan bosque pr\u00f3ximo.<\/span><span style=\"font-weight: 400\"><br \/><\/span><span style=\"font-weight: 400\">Tam\u00e9n sesi\u00f3ns puntuais (que anunciamos en redes sociais)<\/span><\/p>\n<h4><span style=\"font-weight: 400\">ACTIVIDADES DE EDUCACI\u00d3N AMBIENTAL E SA\u00cdDAS MICOL\u00d3XICAS<\/span><\/h4>\n<p><span style=\"font-weight: 400\">Realizamos actividades de educaci\u00f3n ambiental para familias, asociaci\u00f3ns, grupos de colexios, AMPAS, segundo a necesidade. Tam\u00e9n sa\u00eddas micol\u00f3xicas co obxectivo de reco\u00f1ecer especies e protexer o bosque, e colleitar unicamente as especies comestibles.<\/span><span style=\"font-weight: 400\"><br \/><\/span><span style=\"font-weight: 400\">Poden ser actividades de posta en valor dos recursos naturais como talleres de fauna, flora, micolox\u00eda, actividades de descubrimento a trav\u00e9s de gymkhanas, din\u00e1micas grupais, etc.<\/span><\/p>","wp_travel_trip_include":"","wp_travel_trip_exclude":""},"itinerary_types":[503,515,683,589,517,516,680],"travel_locations":[498],"travel_keywords":[1094,587,1140,557,590,1093,1141,520,1139,1119,1134,1129,1138],"activity":[220,336,325,222],"class_list":["post-12645","itineraries","type-itineraries","status-publish","has-post-thumbnail","hentry","itinerary_types-ecoturismo-gl","itinerary_types-educacion-ambiental-gl","itinerary_types-espiritual-gl","itinerary_types-familiar-gl","itinerary_types-natureza","itinerary_types-percorrido-e-observacion","itinerary_types-turismo-de-coidados","travel_locations-castela-e-leon","travel_keywords-amigos-gl","travel_keywords-art","travel_keywords-bano-de-bosque-gl","travel_keywords-experiencia-gl","travel_keywords-familia-gl","travel_keywords-grupos-gl","travel_keywords-micologia-gl","travel_keywords-natureza","travel_keywords-relax-gl","travel_keywords-rural-gl","travel_keywords-soria-gl","travel_keywords-vivencial-gl","travel_keywords-yoga-gl","activity-aire-libre","activity-bienestar","activity-cultural","activity-taller"],"jetpack_sharing_enabled":true,"_links":{"self":[{"href":"https:\/\/elcaminoess.com\/gl\/wp-json\/wp\/v2\/itineraries\/12645","targetHints":{"allow":["GET"]}}],"collection":[{"href":"https:\/\/elcaminoess.com\/gl\/wp-json\/wp\/v2\/itineraries"}],"about":[{"href":"https:\/\/elcaminoess.com\/gl\/wp-json\/wp\/v2\/types\/itineraries"}],"replies":[{"embeddable":true,"href":"https:\/\/elcaminoess.com\/gl\/wp-json\/wp\/v2\/comments?post=12645"}],"version-history":[{"count":1,"href":"https:\/\/elcaminoess.com\/gl\/wp-json\/wp\/v2\/itineraries\/12645\/revisions"}],"predecessor-version":[{"id":13099,"href":"https:\/\/elcaminoess.com\/gl\/wp-json\/wp\/v2\/itineraries\/12645\/revisions\/13099"}],"wp:featuredmedia":[{"embeddable":true,"href":"https:\/\/elcaminoess.com\/gl\/wp-json\/wp\/v2\/media\/11625"}],"wp:attachment":[{"href":"https:\/\/elcaminoess.com\/gl\/wp-json\/wp\/v2\/media?parent=12645"}],"wp:term":[{"taxonomy":"itinerary_types","embeddable":true,"href":"https:\/\/elcaminoess.com\/gl\/wp-json\/wp\/v2\/itinerary_types?post=12645"},{"taxonomy":"travel_locations","embeddable":true,"href":"https:\/\/elcaminoess.com\/gl\/wp-json\/wp\/v2\/travel_locations?post=12645"},{"taxonomy":"travel_keywords","embeddable":true,"href":"https:\/\/elcaminoess.com\/gl\/wp-json\/wp\/v2\/travel_keywords?post=12645"},{"taxonomy":"activity","embeddable":true,"href":"https:\/\/elcaminoess.com\/gl\/wp-json\/wp\/v2\/activity?post=12645"}],"curies":[{"name":"wp","href":"https:\/\/api.w.org\/{rel}","templated":true}]}}

<p>Percorrido pola Lagoa das Salinas da Reserva Las Lagunas de Villafáfila, coñecendo flora e fauna, e os seus incribles Palomares.</p>

<p><span style="font-weight: 400">Actividades en plena natureza, buscando xerar conexións entre o humano e o terreal. Para iso Belén realiza diferentes sesións e actividades:</span></p>
<ul>
<li style="font-weight: 400"><span style="font-weight: 400">Visita guiada polo Canón do Río Lobo.</span></li>
<li style="font-weight: 400"><span style="font-weight: 400">Baño de Bosque.</span></li>
<li style="font-weight: 400"><span style="font-weight: 400">Ioga na natureza.</span></li>
<li style="font-weight: 400"><span style="font-weight: 400">Educación Micolóxica.</span></li>
</ul>
<p><span style="font-weight: 400">Para todo tipo de persoas e ideal para grupos de amigos, de traballo, familias e demais. Para máis información ir a Itinerario.</span></p>
<p><button class="wp-travel-booknow-btn" data-gramm="false">RESERVA ✌ </button></p>
<p>Datos de contacto:</p>
<ul>
<li><span style="font-weight: 400">Teléfono: 687 920 094</span></li>
<li><span style="font-weight: 400">Correo electrónico: amaluryoganature@gmail.com</span></li>
<li><span style="font-weight: 400">Redes Sociais: </span><a href="https://www.instagram.com/hoteldonamayor_fromista/?hl=es"><span style="font-weight: 400">@amaluryoga&amp;nature</span></a></li>
</ul>

<h2><b>Itinerario</b></h2>
<h4><span style="font-weight: 400">VISITA CANÓN RÍO LOBO</span></h4>
<p><span style="font-weight: 400">Iniciamos a visita no parking de Valdecea ata onde se pode acceder co coche. Realizaremos unha introdución sobre o Canón e camiñaremos pola Senda do Río onde imos realizando varias paradas para falar sobre os valores naturais deste Espazo Natural, como son as formacións xeolóxicas, flora, fauna, os rastros e o que vaia xurdindo polo camiño, ata chegar á ermida de San Bartolomé.</span></p>
<h4><span style="font-weight: 400">BAÑO DE BOSQUE</span></h4>
<p><span style="font-weight: 400">Un baño de bosque é unha forma innata de descubrir o bosque, sentindo a través del, o benestar que a natureza nos achega. Adentrámonos a descubrilo a través dos sentidos, memorias, e conexión co máis profundo da nosa esencia, recuperando o contacto coa natureza, e xerando ou recuperando de novo un vínculo co bosque e aprenderemos así a valorar a súa importancia na nosa vida e na nosa existencia.</span></p>
<h4><span style="font-weight: 400">IOGA NA NATUREZA</span></h4>
<p><span style="font-weight: 400">Realizamos sesións de ioga na natureza, adaptadas a grupos, familias…</span><span style="font-weight: 400"><br /></span><span style="font-weight: 400">Ás veces no Canón de Río Lobos, e outras nalgún bosque próximo.</span><span style="font-weight: 400"><br /></span><span style="font-weight: 400">Tamén sesións puntuais (que anunciamos en redes sociais)</span></p>
<h4><span style="font-weight: 400">ACTIVIDADES DE EDUCACIÓN AMBIENTAL E SAÍDAS MICOLÓXICAS</span></h4>
<p><span style="font-weight: 400">Realizamos actividades de educación ambiental para familias, asociacións, grupos de colexios, AMPAS, segundo a necesidade. Tamén saídas micolóxicas co obxectivo de recoñecer especies e protexer o bosque, e colleitar unicamente as especies comestibles.</span><span style="font-weight: 400"><br /></span><span style="font-weight: 400">Poden ser actividades de posta en valor dos recursos naturais como talleres de fauna, flora, micoloxía, actividades de descubrimento a través de gymkhanas, dinámicas grupais, etc.</span></p>
