{"id":12637,"date":"2023-07-25T07:45:01","date_gmt":"2023-07-25T07:45:01","guid":{"rendered":"https:\/\/elcaminoess.com\/itinerario\/roca-de-cabra"},"modified":"2024-04-10T12:04:37","modified_gmt":"2024-04-10T12:04:37","slug":"roca-de-cabra","status":"publish","type":"itineraries","link":"https:\/\/elcaminoess.com\/gl\/itinerario\/roca-de-cabra","title":{"rendered":"Roca de Cabra"},"content":{"rendered":"","protected":false},"excerpt":{"rendered":"<p>Cami\u00f1a coas nosas cabras e merg\u00fallate na arte da elaboraci\u00f3n do queixo mentres degustas as nosas deliciosas creaci\u00f3ns. Unha experiencia tur\u00edstica inesquecible para os amantes do queixo!<\/p>\n","protected":false},"featured_media":9376,"comment_status":"closed","ping_status":"closed","template":"","meta":{"advanced_seo_description":"","jetpack_seo_html_title":"","jetpack_seo_noindex":false,"wp_travel_lat":"","wp_travel_lng":"","wp_travel_trip_map_use_lat_lng":"no","wp_travel_location":"queseria roca de cabra","wp_travel_overview":"<h3 style=\"text-align: left\">Roca de Cabra<\/h3>\n<p><span style=\"font-weight: 400\">Co\u00f1ece o aut\u00e9ntico sabor do campo na casa de Alicia e Mat\u00edas! Goza de queixos de calidade excepcional con sabores \u00fanicos para cada \u00e9poca do ano. Pasea coas nosas cabras e co\u00f1ece de primeira man a arte da elaboraci\u00f3n queixeira mentres degustas as nosas deliciosas creaci\u00f3ns. Unha experiencia tur\u00edstica inesquecible para as e os amantes do queixo!<\/span><\/p>\n<p style=\"text-align: left\"><em><strong>Atenci\u00f3n:<\/strong><\/em><\/p>\n<ul>\n<li><strong> Esta \u00e9 unha experiencia grupal; neces\u00edtase un m\u00ednimo de cinco persoas para realizar esta ruta.<\/strong><\/li>\n<li><strong> \u00c9 necesario reservar cunha semana de antelaci\u00f3n.<\/strong><\/li>\n<\/ul>\n<p><button class=\"wp-travel-booknow-btn\" data-gramm=\"false\">RESERVA \u270c\u00a0<\/button><\/p>","wp_travel_outline":"","wp_travel_trip_include":"","wp_travel_trip_exclude":""},"itinerary_types":[502,515],"travel_locations":[501],"travel_keywords":[519],"activity":[],"class_list":["post-12637","itineraries","type-itineraries","status-publish","has-post-thumbnail","hentry","itinerary_types-agroalimentario-gl","itinerary_types-educacion-ambiental-gl","travel_locations-a-rioxa","travel_keywords-degustacion-gl"],"jetpack_sharing_enabled":true,"_links":{"self":[{"href":"https:\/\/elcaminoess.com\/gl\/wp-json\/wp\/v2\/itineraries\/12637","targetHints":{"allow":["GET"]}}],"collection":[{"href":"https:\/\/elcaminoess.com\/gl\/wp-json\/wp\/v2\/itineraries"}],"about":[{"href":"https:\/\/elcaminoess.com\/gl\/wp-json\/wp\/v2\/types\/itineraries"}],"replies":[{"embeddable":true,"href":"https:\/\/elcaminoess.com\/gl\/wp-json\/wp\/v2\/comments?post=12637"}],"version-history":[{"count":1,"href":"https:\/\/elcaminoess.com\/gl\/wp-json\/wp\/v2\/itineraries\/12637\/revisions"}],"predecessor-version":[{"id":13002,"href":"https:\/\/elcaminoess.com\/gl\/wp-json\/wp\/v2\/itineraries\/12637\/revisions\/13002"}],"wp:featuredmedia":[{"embeddable":true,"href":"https:\/\/elcaminoess.com\/gl\/wp-json\/wp\/v2\/media\/9376"}],"wp:attachment":[{"href":"https:\/\/elcaminoess.com\/gl\/wp-json\/wp\/v2\/media?parent=12637"}],"wp:term":[{"taxonomy":"itinerary_types","embeddable":true,"href":"https:\/\/elcaminoess.com\/gl\/wp-json\/wp\/v2\/itinerary_types?post=12637"},{"taxonomy":"travel_locations","embeddable":true,"href":"https:\/\/elcaminoess.com\/gl\/wp-json\/wp\/v2\/travel_locations?post=12637"},{"taxonomy":"travel_keywords","embeddable":true,"href":"https:\/\/elcaminoess.com\/gl\/wp-json\/wp\/v2\/travel_keywords?post=12637"},{"taxonomy":"activity","embeddable":true,"href":"https:\/\/elcaminoess.com\/gl\/wp-json\/wp\/v2\/activity?post=12637"}],"curies":[{"name":"wp","href":"https:\/\/api.w.org\/{rel}","templated":true}]}}

<p>Camiña coas nosas cabras e mergúllate na arte da elaboración do queixo mentres degustas as nosas deliciosas creacións. Unha experiencia turística inesquecible para os amantes do queixo!</p>

<h3 style="text-align: left">Roca de Cabra</h3>
<p><span style="font-weight: 400">Coñece o auténtico sabor do campo na casa de Alicia e Matías! Goza de queixos de calidade excepcional con sabores únicos para cada época do ano. Pasea coas nosas cabras e coñece de primeira man a arte da elaboración queixeira mentres degustas as nosas deliciosas creacións. Unha experiencia turística inesquecible para as e os amantes do queixo!</span></p>
<p style="text-align: left"><em><strong>Atención:</strong></em></p>
<ul>
<li><strong> Esta é unha experiencia grupal; necesítase un mínimo de cinco persoas para realizar esta ruta.</strong></li>
<li><strong> É necesario reservar cunha semana de antelación.</strong></li>
</ul>
<p><button class="wp-travel-booknow-btn" data-gramm="false">RESERVA ✌ </button></p>
