{"id":12595,"date":"2024-02-12T22:12:09","date_gmt":"2024-02-12T22:12:09","guid":{"rendered":"https:\/\/elcaminoess.com\/itinerario\/maceiras-sidra-e-bolboretas"},"modified":"2024-04-11T10:40:30","modified_gmt":"2024-04-11T10:40:30","slug":"maceiras-sidra-e-bolboretas","status":"publish","type":"itineraries","link":"https:\/\/elcaminoess.com\/gl\/itinerario\/maceiras-sidra-e-bolboretas","title":{"rendered":"Maz\u00e1s, sidra e bolboretas"},"content":{"rendered":"","protected":false},"excerpt":{"rendered":"<p>Un pobo escondido, 60 variedades de maceiras recuperadas, un lagar tradicional, cata de sidras maridada con produtos de proximidade e algunhas bolboretas<\/p>\n","protected":false},"featured_media":10820,"comment_status":"open","ping_status":"closed","template":"","meta":{"advanced_seo_description":"","jetpack_seo_html_title":"","jetpack_seo_noindex":false,"wp_travel_lat":"","wp_travel_lng":"","wp_travel_trip_map_use_lat_lng":"no","wp_travel_location":"Villan\u00faa","wp_travel_overview":"<h3><strong>Maz\u00e1s, sidra e bolboretas<\/strong><\/h3>\n<p><span style=\"font-weight: 400\">Era unha vez, nun pobo agochado dos Pirineos, reconstru\u00eddo pedra a pedra polas xentes que o habitan, un lugar secreto onde crecen maz\u00e1s de variedades antigas, rodeadas de bolboretas, e onde se elaboran, de maneira tradicional, tres tipos de sidra ecol\u00f3xica.<\/span><\/p>\n<p><span style=\"font-weight: 400\">Con esta experiencia chegar\u00e1s ao desco\u00f1ecido pobo de Artosilla, visitar\u00e1s unha plantaci\u00f3n de m\u00e1is de 60 variedades de maz\u00e1s recuperadas, descubrir\u00e1s un lagar tradicional, aprender\u00e1s como se fai a sidra e realizar\u00e1s unha cata de sidras con embutidos e queixos dos Pirineos. Ademais, \u00e9 posible complementar a visita cun gu\u00eda especializado en bolboretas... Que che parece?<\/span><\/p>\n<ul>\n<li><span style=\"font-weight: 400\">Para realizar \u00e9 necesario un m\u00ednimo de 4 persoas e un m\u00e1ximo de 10.<\/span><\/li>\n<li><span style=\"font-weight: 400\">O prezo non incl\u00fae a actividade con bolboretas. \u00c9 necesario indicar despois da confirmaci\u00f3n da reserva; as condici\u00f3ns e prezos das visitas con gu\u00eda de bolboretas xestionaranse tras ela.<\/span><\/li>\n<\/ul>\n<p><button class=\"wp-travel-booknow-btn\" data-gramm=\"false\">RESERVA \u270c\u00a0<\/button><\/p>","wp_travel_outline":"<p><span style=\"font-weight: 400\">A t\u00faa experiencia comeza e remata en Artosilla, unha antiga aldea situada no Pre-Pirineo e que \u00e9 propiedade do Goberno de Arag\u00f3n; en 1986 foi cedida, xunto coas aldeas de Aineto e Ibort, \u00e1 Asociaci\u00f3n Artiborain, para que puidese reconstru\u00edas e repoboalas tras m\u00e1is de d\u00faas d\u00e9cadas de abandono, esquecemento e deterioro.<\/span><\/p>\n<p><span style=\"font-weight: 400\">Neste pobo tan especial at\u00f3pase Sidrer\u00eda A Finestra, unha pequena iniciativa respectuosa co medio ambiente e co entorno, que, ademais de elaborar tres variedades de sidra ecol\u00f3xica, promove a recuperaci\u00f3n de especies aut\u00f3ctonas e en perigo de maz\u00e1s.<\/span><\/p>\n<p><span style=\"font-weight: 400\">A experiencia incl\u00fae:<\/span><\/p>\n<p><span style=\"font-weight: 400\">-\u00a0 \u00a0 \u00a0 \u00a0 Visita a unha plantaci\u00f3n de recuperaci\u00f3n de m\u00e1is de 60 variedades de maz\u00e1s antigas, aut\u00f3ctonas, de altura e de variedades non comerciais inclu\u00eddas nun convenio de colaboraci\u00f3n co CITA do Goberno de Arag\u00f3n, co obxectivo de preservar a biodiversidade.<\/span><\/p>\n<p><span style=\"font-weight: 400\">-\u00a0 \u00a0 \u00a0 \u00a0 Visita ao Lagar ou adega na que se descobre o proceso de elaboraci\u00f3n da sidra.<\/span><\/p>\n<p><span style=\"font-weight: 400\">-\u00a0 \u00a0 \u00a0 \u00a0 Degustaci\u00f3n dos tres tipos de sidra, queixos e embutidos tradicionais dos Pirineos.<\/span><\/p>\n<p><span style=\"font-weight: 400\">-\u00a0 \u00a0 \u00a0 \u00a0 O manexo da plantaci\u00f3n, que respecta a cuberta vexetal aut\u00f3ctona, permite complementar a visita cun gu\u00eda especializado en bolboretas previa reserva.<\/span><\/p>","wp_travel_trip_include":"","wp_travel_trip_exclude":""},"itinerary_types":[502,554,515,589,545,517],"travel_locations":[497],"travel_keywords":[],"activity":[220,325,608,287,607],"class_list":["post-12595","itineraries","type-itineraries","status-publish","has-post-thumbnail","hentry","itinerary_types-agroalimentario-gl","itinerary_types-cultural-gl","itinerary_types-educacion-ambiental-gl","itinerary_types-familiar-gl","itinerary_types-gastronomia-gl","itinerary_types-natureza","travel_locations-aragon-gl","activity-aire-libre","activity-cultural","activity-cultural-gl","activity-experiencia-gastronomica","activity-experiencia-gastronomica-gl"],"jetpack_sharing_enabled":true,"_links":{"self":[{"href":"https:\/\/elcaminoess.com\/gl\/wp-json\/wp\/v2\/itineraries\/12595","targetHints":{"allow":["GET"]}}],"collection":[{"href":"https:\/\/elcaminoess.com\/gl\/wp-json\/wp\/v2\/itineraries"}],"about":[{"href":"https:\/\/elcaminoess.com\/gl\/wp-json\/wp\/v2\/types\/itineraries"}],"replies":[{"embeddable":true,"href":"https:\/\/elcaminoess.com\/gl\/wp-json\/wp\/v2\/comments?post=12595"}],"version-history":[{"count":2,"href":"https:\/\/elcaminoess.com\/gl\/wp-json\/wp\/v2\/itineraries\/12595\/revisions"}],"predecessor-version":[{"id":13196,"href":"https:\/\/elcaminoess.com\/gl\/wp-json\/wp\/v2\/itineraries\/12595\/revisions\/13196"}],"wp:featuredmedia":[{"embeddable":true,"href":"https:\/\/elcaminoess.com\/gl\/wp-json\/wp\/v2\/media\/10820"}],"wp:attachment":[{"href":"https:\/\/elcaminoess.com\/gl\/wp-json\/wp\/v2\/media?parent=12595"}],"wp:term":[{"taxonomy":"itinerary_types","embeddable":true,"href":"https:\/\/elcaminoess.com\/gl\/wp-json\/wp\/v2\/itinerary_types?post=12595"},{"taxonomy":"travel_locations","embeddable":true,"href":"https:\/\/elcaminoess.com\/gl\/wp-json\/wp\/v2\/travel_locations?post=12595"},{"taxonomy":"travel_keywords","embeddable":true,"href":"https:\/\/elcaminoess.com\/gl\/wp-json\/wp\/v2\/travel_keywords?post=12595"},{"taxonomy":"activity","embeddable":true,"href":"https:\/\/elcaminoess.com\/gl\/wp-json\/wp\/v2\/activity?post=12595"}],"curies":[{"name":"wp","href":"https:\/\/api.w.org\/{rel}","templated":true}]}}

Mazás, sidra e bolboretas

Villanúa

<h3><strong>Mazás, sidra e bolboretas</strong></h3>
<p><span style="font-weight: 400">Era unha vez, nun pobo agochado dos Pirineos, reconstruído pedra a pedra polas xentes que o habitan, un lugar secreto onde crecen mazás de variedades antigas, rodeadas de bolboretas, e onde se elaboran, de maneira tradicional, tres tipos de sidra ecolóxica.</span></p>
<p><span style="font-weight: 400">Con esta experiencia chegarás ao descoñecido pobo de Artosilla, visitarás unha plantación de máis de 60 variedades de mazás recuperadas, descubrirás un lagar tradicional, aprenderás como se fai a sidra e realizarás unha cata de sidras con embutidos e queixos dos Pirineos. Ademais, é posible complementar a visita cun guía especializado en bolboretas... Que che parece?</span></p>
<ul>
<li><span style="font-weight: 400">Para realizar é necesario un mínimo de 4 persoas e un máximo de 10.</span></li>
<li><span style="font-weight: 400">O prezo non inclúe a actividade con bolboretas. É necesario indicar despois da confirmación da reserva; as condicións e prezos das visitas con guía de bolboretas xestionaranse tras ela.</span></li>
</ul>
<p><button class="wp-travel-booknow-btn" data-gramm="false">RESERVA ✌ </button></p>

<p><span style="font-weight: 400">A túa experiencia comeza e remata en Artosilla, unha antiga aldea situada no Pre-Pirineo e que é propiedade do Goberno de Aragón; en 1986 foi cedida, xunto coas aldeas de Aineto e Ibort, á Asociación Artiborain, para que puidese reconstruías e repoboalas tras máis de dúas décadas de abandono, esquecemento e deterioro.</span></p>
<p><span style="font-weight: 400">Neste pobo tan especial atópase Sidrería A Finestra, unha pequena iniciativa respectuosa co medio ambiente e co entorno, que, ademais de elaborar tres variedades de sidra ecolóxica, promove a recuperación de especies autóctonas e en perigo de mazás.</span></p>
<p><span style="font-weight: 400">A experiencia inclúe:</span></p>
<p><span style="font-weight: 400">-        Visita a unha plantación de recuperación de máis de 60 variedades de mazás antigas, autóctonas, de altura e de variedades non comerciais incluídas nun convenio de colaboración co CITA do Goberno de Aragón, co obxectivo de preservar a biodiversidade.</span></p>
<p><span style="font-weight: 400">-        Visita ao Lagar ou adega na que se descobre o proceso de elaboración da sidra.</span></p>
<p><span style="font-weight: 400">-        Degustación dos tres tipos de sidra, queixos e embutidos tradicionais dos Pirineos.</span></p>
<p><span style="font-weight: 400">-        O manexo da plantación, que respecta a cuberta vexetal autóctona, permite complementar a visita cun guía especializado en bolboretas previa reserva.</span></p>
