{"id":11537,"date":"2024-02-16T10:42:24","date_gmt":"2024-02-16T10:42:24","guid":{"rendered":"https:\/\/elcaminoess.com\/itinerario\/visitas-guiadas-por-lugo"},"modified":"2024-04-16T10:50:22","modified_gmt":"2024-04-16T10:50:22","slug":"visitas-guiadas-por-lugo","status":"publish","type":"itineraries","link":"https:\/\/elcaminoess.com\/gl\/itinerario\/visitas-guiadas-por-lugo","title":{"rendered":"Visitas guiadas por Lugo"},"content":{"rendered":"","protected":false},"excerpt":{"rendered":"<p>Organizamos rutas guiadas e personalizadas por toda Galicia, especialmente pola provincia de Lugo.<\/p>\n","protected":false},"featured_media":11228,"comment_status":"open","ping_status":"closed","template":"","meta":{"advanced_seo_description":"","jetpack_seo_html_title":"","jetpack_seo_noindex":false,"wp_travel_lat":"","wp_travel_lng":"","wp_travel_trip_map_use_lat_lng":"no","wp_travel_location":"LUGO","wp_travel_overview":"<h3><strong>Visitas guiadas ao longo da provincia de Lugo<\/strong><\/h3>\n<p><span style=\"font-weight: 400\">Elixe o lugar ou os lugares que queres descubrir! En Sra.<\/span><a href=\"https:\/\/www.facebook.com\/sramariaturismo\/\"><span style=\"font-weight: 400\"> Mar\u00eda Servizos Tur\u00edsticos\u00a0 <\/span><\/a><span style=\"font-weight: 400\">organizamos visitas guiadas ao longo de toda Galicia, pero especialmente na provincia de Lugo. Destacamos a Mari\u00f1a Lucense e lugares como a propia cidade de Lugo,Viveiro, Ribadeo, Foz, Mondo\u00f1edo, Ourol, Cervo, A Pontenova, Riotorto, Lourenz\u00e1, O Vicedo, Ortegal, Ma\u00f1\u00f3n, Pontedeume, Betanzos, A Coru\u00f1a...<\/span><\/p>\n<ul>\n<li style=\"font-weight: 400\"><span style=\"font-weight: 400\">Rutas personalizadas de ata un d\u00eda enteiro de duraci\u00f3n.<\/span><\/li>\n<li style=\"font-weight: 400\"><span style=\"font-weight: 400\">Calquera \u00e9poca do ano.<\/span><\/li>\n<li style=\"font-weight: 400\"><span style=\"font-weight: 400\">Prezo a consultar<\/span><\/li>\n<\/ul>\n<p><a href=\"mailto:noelaramaria.com\"><button class=\"wp-travel-booknow-btn\" data-gramm=\"false\">RESERVA \u270c <\/button><\/a><\/p>","wp_travel_outline":"","wp_travel_trip_include":"","wp_travel_trip_exclude":""},"itinerary_types":[508],"travel_locations":[500],"travel_keywords":[509,511,514,512,513,510],"activity":[],"class_list":["post-11537","itineraries","type-itineraries","status-publish","has-post-thumbnail","hentry","itinerary_types-turismo-cultural-gl","travel_locations-galicia-gl","travel_keywords-galicia-gl","travel_keywords-historia-e-cultura","travel_keywords-lugo-gl","travel_keywords-ruta-guiada-gl","travel_keywords-rutas-personalizadas-gl","travel_keywords-tradicion-gl"],"jetpack_sharing_enabled":true,"_links":{"self":[{"href":"https:\/\/elcaminoess.com\/gl\/wp-json\/wp\/v2\/itineraries\/11537","targetHints":{"allow":["GET"]}}],"collection":[{"href":"https:\/\/elcaminoess.com\/gl\/wp-json\/wp\/v2\/itineraries"}],"about":[{"href":"https:\/\/elcaminoess.com\/gl\/wp-json\/wp\/v2\/types\/itineraries"}],"replies":[{"embeddable":true,"href":"https:\/\/elcaminoess.com\/gl\/wp-json\/wp\/v2\/comments?post=11537"}],"version-history":[{"count":1,"href":"https:\/\/elcaminoess.com\/gl\/wp-json\/wp\/v2\/itineraries\/11537\/revisions"}],"predecessor-version":[{"id":13122,"href":"https:\/\/elcaminoess.com\/gl\/wp-json\/wp\/v2\/itineraries\/11537\/revisions\/13122"}],"wp:featuredmedia":[{"embeddable":true,"href":"https:\/\/elcaminoess.com\/gl\/wp-json\/wp\/v2\/media\/11228"}],"wp:attachment":[{"href":"https:\/\/elcaminoess.com\/gl\/wp-json\/wp\/v2\/media?parent=11537"}],"wp:term":[{"taxonomy":"itinerary_types","embeddable":true,"href":"https:\/\/elcaminoess.com\/gl\/wp-json\/wp\/v2\/itinerary_types?post=11537"},{"taxonomy":"travel_locations","embeddable":true,"href":"https:\/\/elcaminoess.com\/gl\/wp-json\/wp\/v2\/travel_locations?post=11537"},{"taxonomy":"travel_keywords","embeddable":true,"href":"https:\/\/elcaminoess.com\/gl\/wp-json\/wp\/v2\/travel_keywords?post=11537"},{"taxonomy":"activity","embeddable":true,"href":"https:\/\/elcaminoess.com\/gl\/wp-json\/wp\/v2\/activity?post=11537"}],"curies":[{"name":"wp","href":"https:\/\/api.w.org\/{rel}","templated":true}]}}

<h3><strong>Visitas guiadas ao longo da provincia de Lugo</strong></h3>
<p><span style="font-weight: 400">Elixe o lugar ou os lugares que queres descubrir! En Sra.</span><a href="https://www.facebook.com/sramariaturismo/"><span style="font-weight: 400"> María Servizos Turísticos  </span></a><span style="font-weight: 400">organizamos visitas guiadas ao longo de toda Galicia, pero especialmente na provincia de Lugo. Destacamos a Mariña Lucense e lugares como a propia cidade de Lugo,Viveiro, Ribadeo, Foz, Mondoñedo, Ourol, Cervo, A Pontenova, Riotorto, Lourenzá, O Vicedo, Ortegal, Mañón, Pontedeume, Betanzos, A Coruña...</span></p>
<ul>
<li style="font-weight: 400"><span style="font-weight: 400">Rutas personalizadas de ata un día enteiro de duración.</span></li>
<li style="font-weight: 400"><span style="font-weight: 400">Calquera época do ano.</span></li>
<li style="font-weight: 400"><span style="font-weight: 400">Prezo a consultar</span></li>
</ul>
<p><a href="mailto:noelaramaria.com"><button class="wp-travel-booknow-btn" data-gramm="false">RESERVA ✌ </button></a></p>
