{"id":12413,"date":"2024-02-29T13:06:37","date_gmt":"2024-02-29T13:06:37","guid":{"rendered":"https:\/\/elcaminoess.com\/itinerario\/la-casa-dels-titelles"},"modified":"2024-04-05T08:28:41","modified_gmt":"2024-04-05T08:28:41","slug":"la-casa-dels-titelles","status":"publish","type":"itineraries","link":"https:\/\/elcaminoess.com\/ca\/itinerario\/la-casa-dels-titelles","title":{"rendered":"La Casa dels Titelles"},"content":{"rendered":"","protected":false},"excerpt":{"rendered":"<p>La casa dels titelles \u00e9s una associaci\u00f3 cultural sense \u00e0nim de lucre enfocada a la perviv\u00e8ncia de l&#8217;ofici de titellaire\/a.<\/p>\n","protected":false},"featured_media":12122,"comment_status":"closed","ping_status":"closed","template":"","meta":{"advanced_seo_description":"","jetpack_seo_html_title":"","jetpack_seo_noindex":false,"wp_travel_lat":"","wp_travel_lng":"","wp_travel_trip_map_use_lat_lng":"no","wp_travel_location":"Calle Santa Mar\u00eda s\/n -34300 Paredes de Nava","wp_travel_overview":"<p><span style=\"font-weight: 400\">La casa dels titelles \u00e9s una associaci\u00f3 cultural sense \u00e0nim de lucre enfocada a la perviv\u00e8ncia de l'ofici de titellaire\/a.<\/span><\/p>\n<p><span style=\"font-weight: 400\">Oferim visites lliures i guiades, construcci\u00f3 i restauraci\u00f3 de gegants i capgrossos aix\u00ed com espectacles, actuacions i funcions en qu\u00e8 s'exploren les infinites possibilitats que t\u00e9 la manipulaci\u00f3 de titelles.<\/span><\/p>\n<p><button class=\"wp-travel-booknow-btn\" data-gramm=\"false\">RESERVA \u270c <\/button><\/p>\n<p><span style=\"font-weight: 400\">Dades de contacte:<\/span><\/p>\n<ul>\n<li><span style=\"font-weight: 400\">Tel\u00e8fon: 646 821 712<\/span><\/li>\n<li><span style=\"font-weight: 400\">Correu electr\u00f2nic: info@cristoforocolombo.es<\/span><\/li>\n<li><span style=\"font-weight: 400\">P\u00e0gina web:<\/span><a href=\"https:\/\/lacasadelostiteresparedesdenava.es\/\"><span style=\"font-weight: 400\">www.lacasadelostiteresparedesdenava.es<\/span><\/a><\/li>\n<li><span style=\"font-weight: 400\">Xarxes Socials:<\/span><a href=\"https:\/\/www.instagram.com\/la_casa_de_los_titeres\/?hl=es\"><span style=\"font-weight: 400\">@lacasadelostiteres<\/span><\/a><\/li>\n<\/ul>","wp_travel_outline":"<p><span style=\"font-weight: 400\">INTRODUCCI\u00d3 A L'OFICI DE TITIRITER<\/span><\/p>\n<p><span style=\"font-weight: 400\">La visita i visita guiada comen\u00e7a al petit teatret de titelles amb capacitat m\u00e0xima per a 60 persones. S'ofereix al visitant una xerrada introduct\u00f2ria al m\u00f3n dels titelles ia l'ofici de titellaire.<\/span><\/p>\n<p><span style=\"font-weight: 400\">CON\u00c8IXER LA COL\u00b7LECCI\u00d3 DE LA COMPANYIA CRIST\u00d2FOR COLOMBO.<\/span><\/p>\n<p><b>El teu pla<\/b><\/p>\n<p><span style=\"font-weight: 400\">I a continuaci\u00f3, es visita la Galeria de gegants i capgrossos situada a l'antic claustre del convent de San Francisco. Un espai destinat a la salvaguarda, difusi\u00f3 i posada en valor d'aquesta tradici\u00f3 i que recull els fons de la companyia Crist\u00f3foro Colombo.<\/span><\/p>\n<p><span style=\"font-weight: 400\">ESPETACLES, FUNCIONS I ACTUACIONS<\/span><\/p>\n<p><span style=\"font-weight: 400\">Els espectacles, funcions i actuacions s\u00f3n per a tots els p\u00fablics: associacions, col\u00b7legis, instituts, jubilats, excursions en general. Realitzats mitjan\u00e7ant diferents t\u00e8cniques de manipulaci\u00f3 i ninots, m\u00e0scares, llum negra, pantomimes etc. Reserva pr\u00e8via<\/span><span style=\"font-weight: 400\"><br \/><\/span><span style=\"font-weight: 400\"><br \/><\/span><\/p>","wp_travel_trip_include":"","wp_travel_trip_exclude":""},"itinerary_types":[653,690,651,695],"travel_locations":[634],"travel_keywords":[731,729,758,805,727,806,756,730,759,760,804],"activity":[330,325,287],"class_list":["post-12413","itineraries","type-itineraries","status-publish","has-post-thumbnail","hentry","itinerary_types-art-ca","itinerary_types-artesanal-ca","itinerary_types-familiar-ca","itinerary_types-turisme-cultural","travel_locations-castella-i-lleo","travel_keywords-amics","travel_keywords-art-ca","travel_keywords-artesanal-ca","travel_keywords-espectaculo-ca","travel_keywords-experiencia-ca","travel_keywords-exposicion-ca","travel_keywords-familia-ca","travel_keywords-grups","travel_keywords-palencia-ca","travel_keywords-rural-ca","travel_keywords-titeres-ca","activity-arte","activity-cultural","activity-experiencia-gastronomica"],"jetpack_sharing_enabled":true,"_links":{"self":[{"href":"https:\/\/elcaminoess.com\/ca\/wp-json\/wp\/v2\/itineraries\/12413","targetHints":{"allow":["GET"]}}],"collection":[{"href":"https:\/\/elcaminoess.com\/ca\/wp-json\/wp\/v2\/itineraries"}],"about":[{"href":"https:\/\/elcaminoess.com\/ca\/wp-json\/wp\/v2\/types\/itineraries"}],"replies":[{"embeddable":true,"href":"https:\/\/elcaminoess.com\/ca\/wp-json\/wp\/v2\/comments?post=12413"}],"version-history":[{"count":1,"href":"https:\/\/elcaminoess.com\/ca\/wp-json\/wp\/v2\/itineraries\/12413\/revisions"}],"predecessor-version":[{"id":13115,"href":"https:\/\/elcaminoess.com\/ca\/wp-json\/wp\/v2\/itineraries\/12413\/revisions\/13115"}],"wp:featuredmedia":[{"embeddable":true,"href":"https:\/\/elcaminoess.com\/ca\/wp-json\/wp\/v2\/media\/12122"}],"wp:attachment":[{"href":"https:\/\/elcaminoess.com\/ca\/wp-json\/wp\/v2\/media?parent=12413"}],"wp:term":[{"taxonomy":"itinerary_types","embeddable":true,"href":"https:\/\/elcaminoess.com\/ca\/wp-json\/wp\/v2\/itinerary_types?post=12413"},{"taxonomy":"travel_locations","embeddable":true,"href":"https:\/\/elcaminoess.com\/ca\/wp-json\/wp\/v2\/travel_locations?post=12413"},{"taxonomy":"travel_keywords","embeddable":true,"href":"https:\/\/elcaminoess.com\/ca\/wp-json\/wp\/v2\/travel_keywords?post=12413"},{"taxonomy":"activity","embeddable":true,"href":"https:\/\/elcaminoess.com\/ca\/wp-json\/wp\/v2\/activity?post=12413"}],"curies":[{"name":"wp","href":"https:\/\/api.w.org\/{rel}","templated":true}]}}

<p>La casa dels titelles és una associació cultural sense ànim de lucre enfocada a la pervivència de l&#8217;ofici de titellaire/a.</p>

Calle Santa María s/n -34300 Paredes de Nava

<p><span style="font-weight: 400">La casa dels titelles és una associació cultural sense ànim de lucre enfocada a la pervivència de l'ofici de titellaire/a.</span></p>
<p><span style="font-weight: 400">Oferim visites lliures i guiades, construcció i restauració de gegants i capgrossos així com espectacles, actuacions i funcions en què s'exploren les infinites possibilitats que té la manipulació de titelles.</span></p>
<p><button class="wp-travel-booknow-btn" data-gramm="false">RESERVA ✌ </button></p>
<p><span style="font-weight: 400">Dades de contacte:</span></p>
<ul>
<li><span style="font-weight: 400">Telèfon: 646 821 712</span></li>
<li><span style="font-weight: 400">Correu electrònic: info@cristoforocolombo.es</span></li>
<li><span style="font-weight: 400">Pàgina web:</span><a href="https://lacasadelostiteresparedesdenava.es/"><span style="font-weight: 400">www.lacasadelostiteresparedesdenava.es</span></a></li>
<li><span style="font-weight: 400">Xarxes Socials:</span><a href="https://www.instagram.com/la_casa_de_los_titeres/?hl=es"><span style="font-weight: 400">@lacasadelostiteres</span></a></li>
</ul>

<p><span style="font-weight: 400">INTRODUCCIÓ A L'OFICI DE TITIRITER</span></p>
<p><span style="font-weight: 400">La visita i visita guiada comença al petit teatret de titelles amb capacitat màxima per a 60 persones. S'ofereix al visitant una xerrada introductòria al món dels titelles ia l'ofici de titellaire.</span></p>
<p><span style="font-weight: 400">CONÈIXER LA COL·LECCIÓ DE LA COMPANYIA CRISTÒFOR COLOMBO.</span></p>
<p><b>El teu pla</b></p>
<p><span style="font-weight: 400">I a continuació, es visita la Galeria de gegants i capgrossos situada a l'antic claustre del convent de San Francisco. Un espai destinat a la salvaguarda, difusió i posada en valor d'aquesta tradició i que recull els fons de la companyia Cristóforo Colombo.</span></p>
<p><span style="font-weight: 400">ESPETACLES, FUNCIONS I ACTUACIONS</span></p>
<p><span style="font-weight: 400">Els espectacles, funcions i actuacions són per a tots els públics: associacions, col·legis, instituts, jubilats, excursions en general. Realitzats mitjançant diferents tècniques de manipulació i ninots, màscares, llum negra, pantomimes etc. Reserva prèvia</span><span style="font-weight: 400"><br /></span><span style="font-weight: 400"><br /></span></p>
