{"id":12397,"date":"2024-01-20T18:57:06","date_gmt":"2024-01-20T18:57:06","guid":{"rendered":"https:\/\/elcaminoess.com\/itinerario\/experimenta-la-pintura-sobre-seda"},"modified":"2024-04-02T08:37:04","modified_gmt":"2024-04-02T08:37:04","slug":"experimenta-la-pintura-sobre-seda","status":"publish","type":"itineraries","link":"https:\/\/elcaminoess.com\/ca\/itinerario\/experimenta-la-pintura-sobre-seda","title":{"rendered":"Experimenta la pintura sobre seda"},"content":{"rendered":"","protected":false},"excerpt":{"rendered":"<p>Pintar\u00e0s una pe\u00e7a de seda en un bastidor rod\u00f3 de 23cm. que t&#8217;emportar\u00e0s com a pe\u00e7a decorativa. <\/p>\n","protected":false},"featured_media":10268,"comment_status":"closed","ping_status":"closed","template":"","meta":{"advanced_seo_description":"","jetpack_seo_html_title":"","jetpack_seo_noindex":false,"wp_travel_lat":"","wp_travel_lng":"","wp_travel_trip_map_use_lat_lng":"no","wp_travel_location":"AZIZA PUCH SEDA PINTADA","wp_travel_overview":"<div class=\"Qr7Oae\" role=\"listitem\">\n<div class=\"OxAavc NVbRL\" data-item-id=\"1372816158\">\n<div class=\"xMZTse Ih4Dzb\">\n<p><b>Tria entre tres experi\u00e8ncies de pintura sobre seda<\/b><\/p>\n<p><span style=\"font-weight: 400\">Vull compartir amb vosaltres l?artesania de la pintura decorativa sobre tela. Un proc\u00e9s delicat que fa que cada pe\u00e7a pintada a m\u00e0 sigui una pe\u00e7a \u00fanica.<\/span><\/p>\n<p><span style=\"font-weight: 400\">Cuidarem els detalls per assolir una pe\u00e7a exquisida i amb el menor impacte negatiu per al medi ambient. T'animes?<\/span><\/p>\n<p><span style=\"font-weight: 400\">\u00a0<\/span><\/p>\n<p><b>SEDA, COLOR I NATURA UNA EXPERI\u00c8NCIA \u00daNICA!<\/b><\/p>\n<p><span style=\"font-weight: 400\">Connecta't amb la natura mentre t'amares de color i crees la teva pr\u00f2pia obra d'art en seda<\/span><\/p>\n<ul>\n<li style=\"font-weight: 400\"><span style=\"font-weight: 400\">Durada: 4h<\/span><\/li>\n<li style=\"font-weight: 400\"><span style=\"font-weight: 400\">Participants: m\u00ednim 4 i m\u00e0xim 8. A partir de 12 anys.<\/span><\/li>\n<li style=\"font-weight: 400\"><span style=\"font-weight: 400\">Preu: 35\u20ac\/persona<\/span><\/li>\n<\/ul>\n<p><span style=\"font-weight: 400\">\u00a0<\/span><\/p>\n<p><b>Converteix les teves teles especials en un conjunt de collaret i arracades en aquest taller de joieria sostenible!<\/b><\/p>\n<p><span style=\"font-weight: 400\">Crea accessoris per a tu o per a alg\u00fa que vols. Gaudeix d'un ambient creatiu i relaxat amb un enfocament ecoamigable.<\/span><\/p>\n<p><span style=\"font-weight: 400\">Crearem un conjunt de arracades i collaret a partir de botons folrats amb teixit.<\/span><\/p>\n<ul>\n<li style=\"font-weight: 400\"><span style=\"font-weight: 400\">Durada: 2-3 hores.<\/span><\/li>\n<li style=\"font-weight: 400\"><span style=\"font-weight: 400\">Participants: m\u00ednim 4.- m\u00e0xim 8. A partir de 12 anys<\/span><\/li>\n<li style=\"font-weight: 400\"><span style=\"font-weight: 400\">Preu: 35\u20ac\/persona<\/span><\/li>\n<\/ul>\n<p><span style=\"font-weight: 400\">\u00a0<\/span><\/p>\n<p><span style=\"font-weight: 400\">\u00a0<\/span><\/p>\n<p><b>VOLEU PINTAR EL VOSTRE REGAL A SEDA?<\/b><\/p>\n<p><span style=\"font-weight: 400\">Us proposo que al meu taller i amb la meva ajuda, pinteu un mocador o fulular amb un missatge personalitzat.<\/span><\/p>\n<p><span style=\"font-weight: 400\">El vostre regal ser\u00e0 \u00fanic i fet per vosaltres.<\/span><\/p>\n<p><span style=\"font-weight: 400\">\u00a0<\/span><\/p>\n<p><b>Opci\u00f3 1-<\/b><span style=\"font-weight: 400\">pintar mocador petit (55x55cm) de seda natural.<\/span><\/p>\n<p><span style=\"font-weight: 400\">\u00a0<\/span><\/p>\n<ul>\n<li style=\"font-weight: 400\"><span style=\"font-weight: 400\">Participants: m\u00ednim 4.- m\u00e0xim 6<\/span><\/li>\n<li style=\"font-weight: 400\"><span style=\"font-weight: 400\">Durada: 3 hores<\/span><\/li>\n<li style=\"font-weight: 400\"><span style=\"font-weight: 400\">Preu: 125\u20ac<\/span><\/li>\n<\/ul>\n<p><span style=\"font-weight: 400\">\u00a0<\/span><\/p>\n<p><span style=\"font-weight: 400\">Inclou el disseny, pintar el mocador entre els participants.<\/span><\/p>\n<p><span style=\"font-weight: 400\">La fixaci\u00f3 i l'acabament del proc\u00e9s que far\u00e9 jo i l'enviament a la pen\u00ednsula.<\/span><\/p>\n<p><span style=\"font-weight: 400\">Per a altres destinacions, consulteu .<\/span><\/p>\n<p><span style=\"font-weight: 400\">\u00a0<\/span><\/p>\n<p><b>Opci\u00f3 2<\/b><span style=\"font-weight: 400\">- pintar un fulard de 140x45cm. de seda natural.<\/span><\/p>\n<p><span style=\"font-weight: 400\">\u00a0<\/span><\/p>\n<ul>\n<li style=\"font-weight: 400\"><span style=\"font-weight: 400\">Participants: m\u00ednim 4 - m\u00e0xim 8<\/span><\/li>\n<li style=\"font-weight: 400\"><span style=\"font-weight: 400\">Durada: 4 hores<\/span><\/li>\n<li style=\"font-weight: 400\"><span style=\"font-weight: 400\">Preu: 175\u20ac<\/span><\/li>\n<\/ul>\n<p><span style=\"font-weight: 400\">\u00a0<\/span><\/p>\n<p><span style=\"font-weight: 400\">Inclou el mateix que l'opci\u00f3 anterior.<\/span><\/p>\n<p><span style=\"font-weight: 400\">\u00a0<\/span><\/p>\n<ul>\n<li style=\"font-weight: 400\"><b>Per a totes les experi\u00e8ncies cal contactar pr\u00e8viament per consultar disponibilitat. En principi podria ser qualsevol dia de la setmana (excepte dilluns al mat\u00ed d'octubre a maig, ambd\u00f3s inclosos).<\/b><b><br \/><br \/><\/b><\/li>\n<li style=\"font-weight: 400\"><b>Si necessites m\u00e9s informaci\u00f3 o tens qualsevol dubte, estic disponible per email sedapintada@azizapuch.com o Whatsapp (+34) 678010066<\/b><\/li>\n<\/ul>\n<\/div>\n<\/div>\n<\/div>\n<div class=\"Qr7Oae\" role=\"listitem\">\n<div class=\"OxAavc NVbRL\" data-item-id=\"1473562112\">\n<div class=\"pYfr3c\">\n<div class=\"cTDvob D1wxyf RjsPE\" role=\"heading\" aria-describedby=\"i.desc.1473562112\">\n<p>\u00a0<\/p>\n<\/div>\n<\/div>\n<\/div>\n<\/div>\n<p><a href=\"mailto:sedapintada@azizapuch.com\"><button class=\"wp-travel-booknow-btn\" data-gramm=\"false\">\u00a0RESERVA \u270c <\/button><\/a><\/p>","wp_travel_outline":"","wp_travel_trip_include":"","wp_travel_trip_exclude":""},"itinerary_types":[653,690],"travel_locations":[637],"travel_keywords":[],"activity":[330,325,222],"class_list":["post-12397","itineraries","type-itineraries","status-publish","has-post-thumbnail","hentry","itinerary_types-art-ca","itinerary_types-artesanal-ca","travel_locations-la-rioja-ca","activity-arte","activity-cultural","activity-taller"],"jetpack_sharing_enabled":true,"_links":{"self":[{"href":"https:\/\/elcaminoess.com\/ca\/wp-json\/wp\/v2\/itineraries\/12397","targetHints":{"allow":["GET"]}}],"collection":[{"href":"https:\/\/elcaminoess.com\/ca\/wp-json\/wp\/v2\/itineraries"}],"about":[{"href":"https:\/\/elcaminoess.com\/ca\/wp-json\/wp\/v2\/types\/itineraries"}],"replies":[{"embeddable":true,"href":"https:\/\/elcaminoess.com\/ca\/wp-json\/wp\/v2\/comments?post=12397"}],"version-history":[{"count":1,"href":"https:\/\/elcaminoess.com\/ca\/wp-json\/wp\/v2\/itineraries\/12397\/revisions"}],"predecessor-version":[{"id":13030,"href":"https:\/\/elcaminoess.com\/ca\/wp-json\/wp\/v2\/itineraries\/12397\/revisions\/13030"}],"wp:featuredmedia":[{"embeddable":true,"href":"https:\/\/elcaminoess.com\/ca\/wp-json\/wp\/v2\/media\/10268"}],"wp:attachment":[{"href":"https:\/\/elcaminoess.com\/ca\/wp-json\/wp\/v2\/media?parent=12397"}],"wp:term":[{"taxonomy":"itinerary_types","embeddable":true,"href":"https:\/\/elcaminoess.com\/ca\/wp-json\/wp\/v2\/itinerary_types?post=12397"},{"taxonomy":"travel_locations","embeddable":true,"href":"https:\/\/elcaminoess.com\/ca\/wp-json\/wp\/v2\/travel_locations?post=12397"},{"taxonomy":"travel_keywords","embeddable":true,"href":"https:\/\/elcaminoess.com\/ca\/wp-json\/wp\/v2\/travel_keywords?post=12397"},{"taxonomy":"activity","embeddable":true,"href":"https:\/\/elcaminoess.com\/ca\/wp-json\/wp\/v2\/activity?post=12397"}],"curies":[{"name":"wp","href":"https:\/\/api.w.org\/{rel}","templated":true}]}}

<p>Pintaràs una peça de seda en un bastidor rodó de 23cm. que t&#8217;emportaràs com a peça decorativa. </p>

<div class="Qr7Oae" role="listitem">
<div class="OxAavc NVbRL" data-item-id="1372816158">
<div class="xMZTse Ih4Dzb">
<p><b>Tria entre tres experiències de pintura sobre seda</b></p>
<p><span style="font-weight: 400">Vull compartir amb vosaltres l?artesania de la pintura decorativa sobre tela. Un procés delicat que fa que cada peça pintada a mà sigui una peça única.</span></p>
<p><span style="font-weight: 400">Cuidarem els detalls per assolir una peça exquisida i amb el menor impacte negatiu per al medi ambient. T'animes?</span></p>
<p><span style="font-weight: 400"> </span></p>
<p><b>SEDA, COLOR I NATURA UNA EXPERIÈNCIA ÚNICA!</b></p>
<p><span style="font-weight: 400">Connecta't amb la natura mentre t'amares de color i crees la teva pròpia obra d'art en seda</span></p>
<ul>
<li style="font-weight: 400"><span style="font-weight: 400">Durada: 4h</span></li>
<li style="font-weight: 400"><span style="font-weight: 400">Participants: mínim 4 i màxim 8. A partir de 12 anys.</span></li>
<li style="font-weight: 400"><span style="font-weight: 400">Preu: 35€/persona</span></li>
</ul>
<p><span style="font-weight: 400"> </span></p>
<p><b>Converteix les teves teles especials en un conjunt de collaret i arracades en aquest taller de joieria sostenible!</b></p>
<p><span style="font-weight: 400">Crea accessoris per a tu o per a algú que vols. Gaudeix d'un ambient creatiu i relaxat amb un enfocament ecoamigable.</span></p>
<p><span style="font-weight: 400">Crearem un conjunt de arracades i collaret a partir de botons folrats amb teixit.</span></p>
<ul>
<li style="font-weight: 400"><span style="font-weight: 400">Durada: 2-3 hores.</span></li>
<li style="font-weight: 400"><span style="font-weight: 400">Participants: mínim 4.- màxim 8. A partir de 12 anys</span></li>
<li style="font-weight: 400"><span style="font-weight: 400">Preu: 35€/persona</span></li>
</ul>
<p><span style="font-weight: 400"> </span></p>
<p><span style="font-weight: 400"> </span></p>
<p><b>VOLEU PINTAR EL VOSTRE REGAL A SEDA?</b></p>
<p><span style="font-weight: 400">Us proposo que al meu taller i amb la meva ajuda, pinteu un mocador o fulular amb un missatge personalitzat.</span></p>
<p><span style="font-weight: 400">El vostre regal serà únic i fet per vosaltres.</span></p>
<p><span style="font-weight: 400"> </span></p>
<p><b>Opció 1-</b><span style="font-weight: 400">pintar mocador petit (55x55cm) de seda natural.</span></p>
<p><span style="font-weight: 400"> </span></p>
<ul>
<li style="font-weight: 400"><span style="font-weight: 400">Participants: mínim 4.- màxim 6</span></li>
<li style="font-weight: 400"><span style="font-weight: 400">Durada: 3 hores</span></li>
<li style="font-weight: 400"><span style="font-weight: 400">Preu: 125€</span></li>
</ul>
<p><span style="font-weight: 400"> </span></p>
<p><span style="font-weight: 400">Inclou el disseny, pintar el mocador entre els participants.</span></p>
<p><span style="font-weight: 400">La fixació i l'acabament del procés que faré jo i l'enviament a la península.</span></p>
<p><span style="font-weight: 400">Per a altres destinacions, consulteu .</span></p>
<p><span style="font-weight: 400"> </span></p>
<p><b>Opció 2</b><span style="font-weight: 400">- pintar un fulard de 140x45cm. de seda natural.</span></p>
<p><span style="font-weight: 400"> </span></p>
<ul>
<li style="font-weight: 400"><span style="font-weight: 400">Participants: mínim 4 - màxim 8</span></li>
<li style="font-weight: 400"><span style="font-weight: 400">Durada: 4 hores</span></li>
<li style="font-weight: 400"><span style="font-weight: 400">Preu: 175€</span></li>
</ul>
<p><span style="font-weight: 400"> </span></p>
<p><span style="font-weight: 400">Inclou el mateix que l'opció anterior.</span></p>
<p><span style="font-weight: 400"> </span></p>
<ul>
<li style="font-weight: 400"><b>Per a totes les experiències cal contactar prèviament per consultar disponibilitat. En principi podria ser qualsevol dia de la setmana (excepte dilluns al matí d'octubre a maig, ambdós inclosos).</b><b><br /><br /></b></li>
<li style="font-weight: 400"><b>Si necessites més informació o tens qualsevol dubte, estic disponible per email sedapintada@azizapuch.com o Whatsapp (+34) 678010066</b></li>
</ul>
</div>
</div>
</div>
<div class="Qr7Oae" role="listitem">
<div class="OxAavc NVbRL" data-item-id="1473562112">
<div class="pYfr3c">
<div class="cTDvob D1wxyf RjsPE" role="heading" aria-describedby="i.desc.1473562112">
<p> </p>
</div>
</div>
</div>
</div>
<p><a href="mailto:sedapintada@azizapuch.com"><button class="wp-travel-booknow-btn" data-gramm="false"> RESERVA ✌ </button></a></p>
