{"id":12396,"date":"2024-01-20T19:19:07","date_gmt":"2024-01-20T19:19:07","guid":{"rendered":"https:\/\/elcaminoess.com\/itinerario\/laboratori-de-vida-el-colletero"},"modified":"2024-04-02T08:51:42","modified_gmt":"2024-04-02T08:51:42","slug":"laboratori-de-vida-el-colletero","status":"publish","type":"itineraries","link":"https:\/\/elcaminoess.com\/ca\/itinerario\/laboratori-de-vida-el-colletero","title":{"rendered":"Laboratori de vida El Colletero"},"content":{"rendered":"","protected":false},"excerpt":{"rendered":"<p>Pr\u00e0ctiques de cura de la terra i el s\u00f2l<\/p>\n","protected":false},"featured_media":10286,"comment_status":"closed","ping_status":"closed","template":"","meta":{"advanced_seo_description":"","jetpack_seo_html_title":"","jetpack_seo_noindex":false,"wp_travel_lat":"","wp_travel_lng":"","wp_travel_trip_map_use_lat_lng":"no","wp_travel_location":"nalda","wp_travel_overview":"<div class=\"Qr7Oae\" role=\"listitem\">\n<div class=\"OxAavc NVbRL\" data-item-id=\"1372816158\">\n<div class=\"xMZTse Ih4Dzb\">\n<p><span style=\"font-weight: 400\">Laboratori de vida El Colletero<\/span><\/p>\n<p><span style=\"font-weight: 400\">Som una associaci\u00f3 que realitza un projecte de cura de la terra i el s\u00f2l, amb pr\u00e0ctiques innovadores com la investigaci\u00f3 en micorizes i que transmet aquesta experi\u00e8ncia a trav\u00e9s de la visita amb experi\u00e8ncies pr\u00e0ctiques al terreny<\/span><\/p>\n<p><span style=\"font-weight: 400\">\u00a0<\/span><\/p>\n<ul>\n<li style=\"font-weight: 400\"><b>Experi\u00e8ncia disponible durant tot l\u00b4any, amb diferents activitats segons la temporada del cicle agr\u00edcola<\/b><\/li>\n<li style=\"font-weight: 400\"><b>L\u00b4activitat s\u00b4enfoca a fam\u00edlies, viatges d\u00b4estudi i escoles<\/b><\/li>\n<\/ul>\n<\/div>\n<\/div>\n<\/div>\n<div class=\"Qr7Oae\" role=\"listitem\">\n<div class=\"OxAavc NVbRL\" data-item-id=\"1473562112\">\n<div class=\"pYfr3c\">\n<div class=\"prOLdf\">\n<div class=\"g53bl\">\n<div class=\"cTDvob D1wxyf RjsPE\" role=\"heading\" aria-describedby=\"i.desc.1473562112\">\u00a0<\/div>\n<\/div>\n<\/div>\n<\/div>\n<\/div>\n<\/div>\n<p><button class=\"wp-travel-booknow-btn\" data-gramm=\"false\">\u00a0RESERVA \u270c\u00a0<\/button><\/p>","wp_travel_outline":"","wp_travel_trip_include":"","wp_travel_trip_exclude":""},"itinerary_types":[720,712],"travel_locations":[637],"travel_keywords":[],"activity":[220,336,222],"class_list":["post-12396","itineraries","type-itineraries","status-publish","has-post-thumbnail","hentry","itinerary_types-agroalimentari","itinerary_types-educacio-ambiental","travel_locations-la-rioja-ca","activity-aire-libre","activity-bienestar","activity-taller"],"jetpack_sharing_enabled":true,"_links":{"self":[{"href":"https:\/\/elcaminoess.com\/ca\/wp-json\/wp\/v2\/itineraries\/12396","targetHints":{"allow":["GET"]}}],"collection":[{"href":"https:\/\/elcaminoess.com\/ca\/wp-json\/wp\/v2\/itineraries"}],"about":[{"href":"https:\/\/elcaminoess.com\/ca\/wp-json\/wp\/v2\/types\/itineraries"}],"replies":[{"embeddable":true,"href":"https:\/\/elcaminoess.com\/ca\/wp-json\/wp\/v2\/comments?post=12396"}],"version-history":[{"count":1,"href":"https:\/\/elcaminoess.com\/ca\/wp-json\/wp\/v2\/itineraries\/12396\/revisions"}],"predecessor-version":[{"id":13034,"href":"https:\/\/elcaminoess.com\/ca\/wp-json\/wp\/v2\/itineraries\/12396\/revisions\/13034"}],"wp:featuredmedia":[{"embeddable":true,"href":"https:\/\/elcaminoess.com\/ca\/wp-json\/wp\/v2\/media\/10286"}],"wp:attachment":[{"href":"https:\/\/elcaminoess.com\/ca\/wp-json\/wp\/v2\/media?parent=12396"}],"wp:term":[{"taxonomy":"itinerary_types","embeddable":true,"href":"https:\/\/elcaminoess.com\/ca\/wp-json\/wp\/v2\/itinerary_types?post=12396"},{"taxonomy":"travel_locations","embeddable":true,"href":"https:\/\/elcaminoess.com\/ca\/wp-json\/wp\/v2\/travel_locations?post=12396"},{"taxonomy":"travel_keywords","embeddable":true,"href":"https:\/\/elcaminoess.com\/ca\/wp-json\/wp\/v2\/travel_keywords?post=12396"},{"taxonomy":"activity","embeddable":true,"href":"https:\/\/elcaminoess.com\/ca\/wp-json\/wp\/v2\/activity?post=12396"}],"curies":[{"name":"wp","href":"https:\/\/api.w.org\/{rel}","templated":true}]}}

<p>Pràctiques de cura de la terra i el sòl</p>

<div class="Qr7Oae" role="listitem">
<div class="OxAavc NVbRL" data-item-id="1372816158">
<div class="xMZTse Ih4Dzb">
<p><span style="font-weight: 400">Laboratori de vida El Colletero</span></p>
<p><span style="font-weight: 400">Som una associació que realitza un projecte de cura de la terra i el sòl, amb pràctiques innovadores com la investigació en micorizes i que transmet aquesta experiència a través de la visita amb experiències pràctiques al terreny</span></p>
<p><span style="font-weight: 400"> </span></p>
<ul>
<li style="font-weight: 400"><b>Experiència disponible durant tot l´any, amb diferents activitats segons la temporada del cicle agrícola</b></li>
<li style="font-weight: 400"><b>L´activitat s´enfoca a famílies, viatges d´estudi i escoles</b></li>
</ul>
</div>
</div>
</div>
<div class="Qr7Oae" role="listitem">
<div class="OxAavc NVbRL" data-item-id="1473562112">
<div class="pYfr3c">
<div class="prOLdf">
<div class="g53bl">
<div class="cTDvob D1wxyf RjsPE" role="heading" aria-describedby="i.desc.1473562112"> </div>
</div>
</div>
</div>
</div>
</div>
<p><button class="wp-travel-booknow-btn" data-gramm="false"> RESERVA ✌ </button></p>
