{"id":12380,"date":"2024-01-21T17:39:06","date_gmt":"2024-01-21T17:39:06","guid":{"rendered":"https:\/\/elcaminoess.com\/itinerario\/una-marxa-enrere"},"modified":"2024-04-11T09:40:34","modified_gmt":"2024-04-11T09:40:34","slug":"una-marxa-enrere","status":"publish","type":"itineraries","link":"https:\/\/elcaminoess.com\/ca\/itinerario\/una-marxa-enrere","title":{"rendered":"Una marxa enrere"},"content":{"rendered":"","protected":false},"excerpt":{"rendered":"<p>Una experi\u00e8ncia \u00fanica de dos dies en el petit poble pirinenc de Biel per a descobrir tots els seus secrets en plena naturalesa.<\/p>\n","protected":false},"featured_media":10316,"comment_status":"open","ping_status":"closed","template":"","meta":{"advanced_seo_description":"","jetpack_seo_html_title":"","jetpack_seo_noindex":false,"wp_travel_lat":"","wp_travel_lng":"","wp_travel_trip_map_use_lat_lng":"no","wp_travel_location":"biel, escuela verde","wp_travel_overview":"<div class=\"Qr7Oae\" role=\"listitem\">\n<div class=\"OxAavc NVbRL\" data-item-id=\"1372816158\">\n<div class=\"xMZTse Ih4Dzb\">\n<h3><strong>UNA TORNADA ENRERE<\/strong><\/h3>\n<p><span style=\"font-weight: 400\">Aixecar-se del llit amb el cant del gall, recollir els ous, acostar-se a l'hort, preparar el menjar, gaudir del que ens envolta, explicar hist\u00f2ries sota les estrelles... Totes aquestes coses que omplien els dies dels nostres pobles i que avui s\u00f3n tot just un record.<\/span><\/p>\n<p><span style=\"font-weight: 400\">Amb aquesta experi\u00e8ncia ecosostenible tindr\u00e0s l'oportunitat de recuperar-les i gaudir de dos dies i una nit inoblidables; des de la recol\u00b7lecta d'aliments i plantes fins a l'elaboraci\u00f3 del menjar i productes medicinals, passant per l'observaci\u00f3 de les estrelles o del gaudi de la natura en un entorn protegit.<\/span><\/p>\n<ul>\n<li style=\"font-weight: 400\"><strong><i>Aquesta \u00e9s una experi\u00e8ncia per a tots els p\u00fablics, perfecta tamb\u00e9 per fer en fam\u00edlia.<\/i><\/strong><\/li>\n<li style=\"font-weight: 400\"><strong><i>L'activitat es pot fer durant tot l'any encara que \u00e9s m\u00e9s adequat que sigui a la primavera oa l'estiu.<\/i><\/strong><\/li>\n<li style=\"font-weight: 400\"><strong><i>Inclou allotjament en un apartament rural al municipi de Biel, aix\u00ed com menjars i activitats.<\/i><\/strong><\/li>\n<li style=\"font-weight: 400\"><strong><i>El preu per a fins a 4 persones en un apartament \u00e9s de 300 euros (grups grans de fins a 12 persones consultar)<\/i><\/strong><\/li>\n<\/ul>\n<div class=\"Qr7Oae\" role=\"listitem\">\n<div class=\"OxAavc NVbRL\" data-item-id=\"1595579882\">\n<div class=\"pYfr3c\">\n<div class=\"prOLdf\">\n<div class=\"g53bl\">\n<div class=\"cTDvob D1wxyf RjsPE\" role=\"heading\" aria-describedby=\"i.desc.1595579882\">\u00a0<\/div>\n<\/div>\n<\/div>\n<\/div>\n<\/div>\n<\/div>\n<\/div>\n<\/div>\n<\/div>\n<p><button class=\"wp-travel-booknow-btn\" data-gramm=\"false\">\u00a0RESERVA \u270c\u00a0<\/button><\/p>","wp_travel_outline":"<p><span style=\"font-weight: 400\">\u00a0<\/span><span style=\"font-weight: 400\">Esta experiencia se lleva a cabo en el peque\u00f1o pueblo medieval de Biel, situado en las Altas Cinco Villas, en el paisaje protegido de la Sierra de Santo Domingo; un lugar id\u00edlico y desconocido en el que parece que no haya pasado el tiempo.<\/span><\/p>\n<p><span style=\"font-weight: 400\">Aquesta experi\u00e8ncia es porta a terme al petit poble medieval de Biel, situat a les Altes Cinc Viles, al paisatge protegit de la Serra de Santo Domingo; un lloc id\u00edl\u00b7lic i desconegut on sembla que no hagi passat el temps.<\/span><\/p>\n<p><span style=\"font-weight: 400\">A Biel hi ha l'Escola Verda, amb un espai de 2400 metres i construccions bioclim\u00e0tiques de fusta i materials ecol\u00f2gics. A m\u00e9s, compta amb un hivernacle de 130 metres i una zona d'horta.<\/span><\/p>\n<p><b>Itinerari<\/b><\/p>\n<p><span style=\"font-weight: 400\">RESPIRA<\/span><\/p>\n<p><i><span style=\"font-weight: 400\">Hora : 11:00<\/span><\/i><\/p>\n<p><b>Visita al paisatge protegit<\/b><\/p>\n<p><span style=\"font-weight: 400\">A l'arribada es realitzar\u00e0 una visita al paisatge protegit natural dels voltants de Biel, a la Serra de Santo Domingo, un lloc de f\u00e8rtils prats i altes parets rocoses on habiten nombroses rapinyaires. Els boscos i rius que solquen el paisatge amaguen altres moltes esp\u00e8cies naturals incloent cabirols, senglars i guineus, aix\u00ed com nombroses plantes amb interessants usos.<\/span><span style=\"font-weight: 400\"><br \/><br \/><\/span><\/p>\n<p><span style=\"font-weight: 400\">GAUDEIX<\/span><\/p>\n<p><i><span style=\"font-weight: 400\">Hora : 2:00 pm<\/span><\/i><\/p>\n<p><b>De l'horta al plat<\/b><\/p>\n<p><span style=\"font-weight: 400\">Despr\u00e9s visitarem l'horta per recollir alguns productes, i ens aproparem a dir hola a les gallines de la casa rural Las Lezas, on recollirem ous frescos que ens serviran per preparar i gaudir d'un delici\u00f3s i senzill menjar per recuperar forces.<\/span><\/p>\n<p><span style=\"font-weight: 400\">ELABORA<\/span><\/p>\n<p><i><span style=\"font-weight: 400\">Hora : 6:00 pm<\/span><\/i><\/p>\n<p><b>Taller de plantes<\/b><\/p>\n<p><span style=\"font-weight: 400\">A la tarda farem un interessant taller de plantes medicinals on utilitzarem plantes de l'entorn per elaborar algun producte amb les nostres pr\u00f2pies mans que despr\u00e9s podrem emportar-nos a casa. En aquest taller a m\u00e9s aprendrem a distingir les diferents plantes i els m\u00e8todes per elaborar productes amb elles com cremes, ung\u00fcents, perfums, sabons...<\/span><\/p>\n<p><span style=\"font-weight: 400\">SOMIA<\/span><\/p>\n<p><i><span style=\"font-weight: 400\">Hora : 10:00 pm<\/span><\/i><\/p>\n<p><b>Estrelles i descans<\/b><\/p>\n<p><span style=\"font-weight: 400\">Amb l'arribada de la nit i les estrelles ens aproparem a l'escola verda per aprendre a identificar i distingir les estrelles i les constel\u00b7lacions, aprofitant un cel net i sense contaminaci\u00f3 lum\u00ednica.<\/span><\/p>\n<p><span style=\"font-weight: 400\">Despr\u00e9s podrem descansar a la casa rural Las Lezas, al mateix Biel.<\/span><\/p>\n<p><span style=\"font-weight: 400\">CONEIX<\/span><\/p>\n<p><i><span style=\"font-weight: 400\">Hora : 11:00<\/span><\/i><\/p>\n<p><b>Joc i visita cultural<\/b><\/p>\n<p><span style=\"font-weight: 400\">L'endem\u00e0, ben descansats, ens tocar\u00e0 rec\u00f3rrer els carrers estrets i empedrats de Biel per con\u00e8ixer tots els seus secrets a trav\u00e9s d'un joc de pistes que ens portar\u00e0 al castell, a les cases i racons ia interactuar amb els seus habitants.<\/span><\/p>","wp_travel_trip_include":"","wp_travel_trip_exclude":""},"itinerary_types":[720,657,650,712,651,704],"travel_locations":[633],"travel_keywords":[],"activity":[220,225,336,325,287,222],"class_list":["post-12380","itineraries","type-itineraries","status-publish","has-post-thumbnail","hentry","itinerary_types-agroalimentari","itinerary_types-allotjament-vivencial","itinerary_types-cultura-ca","itinerary_types-educacio-ambiental","itinerary_types-familiar-ca","itinerary_types-ruta-i-observacio","travel_locations-aragon-ca","activity-aire-libre","activity-alojamiento","activity-bienestar","activity-cultural","activity-experiencia-gastronomica","activity-taller"],"jetpack_sharing_enabled":true,"_links":{"self":[{"href":"https:\/\/elcaminoess.com\/ca\/wp-json\/wp\/v2\/itineraries\/12380","targetHints":{"allow":["GET"]}}],"collection":[{"href":"https:\/\/elcaminoess.com\/ca\/wp-json\/wp\/v2\/itineraries"}],"about":[{"href":"https:\/\/elcaminoess.com\/ca\/wp-json\/wp\/v2\/types\/itineraries"}],"replies":[{"embeddable":true,"href":"https:\/\/elcaminoess.com\/ca\/wp-json\/wp\/v2\/comments?post=12380"}],"version-history":[{"count":1,"href":"https:\/\/elcaminoess.com\/ca\/wp-json\/wp\/v2\/itineraries\/12380\/revisions"}],"predecessor-version":[{"id":12990,"href":"https:\/\/elcaminoess.com\/ca\/wp-json\/wp\/v2\/itineraries\/12380\/revisions\/12990"}],"wp:featuredmedia":[{"embeddable":true,"href":"https:\/\/elcaminoess.com\/ca\/wp-json\/wp\/v2\/media\/10316"}],"wp:attachment":[{"href":"https:\/\/elcaminoess.com\/ca\/wp-json\/wp\/v2\/media?parent=12380"}],"wp:term":[{"taxonomy":"itinerary_types","embeddable":true,"href":"https:\/\/elcaminoess.com\/ca\/wp-json\/wp\/v2\/itinerary_types?post=12380"},{"taxonomy":"travel_locations","embeddable":true,"href":"https:\/\/elcaminoess.com\/ca\/wp-json\/wp\/v2\/travel_locations?post=12380"},{"taxonomy":"travel_keywords","embeddable":true,"href":"https:\/\/elcaminoess.com\/ca\/wp-json\/wp\/v2\/travel_keywords?post=12380"},{"taxonomy":"activity","embeddable":true,"href":"https:\/\/elcaminoess.com\/ca\/wp-json\/wp\/v2\/activity?post=12380"}],"curies":[{"name":"wp","href":"https:\/\/api.w.org\/{rel}","templated":true}]}}

<p>Una experiència única de dos dies en el petit poble pirinenc de Biel per a descobrir tots els seus secrets en plena naturalesa.</p>

<div class="Qr7Oae" role="listitem">
<div class="OxAavc NVbRL" data-item-id="1372816158">
<div class="xMZTse Ih4Dzb">
<h3><strong>UNA TORNADA ENRERE</strong></h3>
<p><span style="font-weight: 400">Aixecar-se del llit amb el cant del gall, recollir els ous, acostar-se a l'hort, preparar el menjar, gaudir del que ens envolta, explicar històries sota les estrelles... Totes aquestes coses que omplien els dies dels nostres pobles i que avui són tot just un record.</span></p>
<p><span style="font-weight: 400">Amb aquesta experiència ecosostenible tindràs l'oportunitat de recuperar-les i gaudir de dos dies i una nit inoblidables; des de la recol·lecta d'aliments i plantes fins a l'elaboració del menjar i productes medicinals, passant per l'observació de les estrelles o del gaudi de la natura en un entorn protegit.</span></p>
<ul>
<li style="font-weight: 400"><strong><i>Aquesta és una experiència per a tots els públics, perfecta també per fer en família.</i></strong></li>
<li style="font-weight: 400"><strong><i>L'activitat es pot fer durant tot l'any encara que és més adequat que sigui a la primavera oa l'estiu.</i></strong></li>
<li style="font-weight: 400"><strong><i>Inclou allotjament en un apartament rural al municipi de Biel, així com menjars i activitats.</i></strong></li>
<li style="font-weight: 400"><strong><i>El preu per a fins a 4 persones en un apartament és de 300 euros (grups grans de fins a 12 persones consultar)</i></strong></li>
</ul>
<div class="Qr7Oae" role="listitem">
<div class="OxAavc NVbRL" data-item-id="1595579882">
<div class="pYfr3c">
<div class="prOLdf">
<div class="g53bl">
<div class="cTDvob D1wxyf RjsPE" role="heading" aria-describedby="i.desc.1595579882"> </div>
</div>
</div>
</div>
</div>
</div>
</div>
</div>
</div>
<p><button class="wp-travel-booknow-btn" data-gramm="false"> RESERVA ✌ </button></p>

<p><span style="font-weight: 400"> </span><span style="font-weight: 400">Esta experiencia se lleva a cabo en el pequeño pueblo medieval de Biel, situado en las Altas Cinco Villas, en el paisaje protegido de la Sierra de Santo Domingo; un lugar idílico y desconocido en el que parece que no haya pasado el tiempo.</span></p>
<p><span style="font-weight: 400">Aquesta experiència es porta a terme al petit poble medieval de Biel, situat a les Altes Cinc Viles, al paisatge protegit de la Serra de Santo Domingo; un lloc idíl·lic i desconegut on sembla que no hagi passat el temps.</span></p>
<p><span style="font-weight: 400">A Biel hi ha l'Escola Verda, amb un espai de 2400 metres i construccions bioclimàtiques de fusta i materials ecològics. A més, compta amb un hivernacle de 130 metres i una zona d'horta.</span></p>
<p><b>Itinerari</b></p>
<p><span style="font-weight: 400">RESPIRA</span></p>
<p><i><span style="font-weight: 400">Hora : 11:00</span></i></p>
<p><b>Visita al paisatge protegit</b></p>
<p><span style="font-weight: 400">A l'arribada es realitzarà una visita al paisatge protegit natural dels voltants de Biel, a la Serra de Santo Domingo, un lloc de fèrtils prats i altes parets rocoses on habiten nombroses rapinyaires. Els boscos i rius que solquen el paisatge amaguen altres moltes espècies naturals incloent cabirols, senglars i guineus, així com nombroses plantes amb interessants usos.</span><span style="font-weight: 400"><br /><br /></span></p>
<p><span style="font-weight: 400">GAUDEIX</span></p>
<p><i><span style="font-weight: 400">Hora : 2:00 pm</span></i></p>
<p><b>De l'horta al plat</b></p>
<p><span style="font-weight: 400">Després visitarem l'horta per recollir alguns productes, i ens aproparem a dir hola a les gallines de la casa rural Las Lezas, on recollirem ous frescos que ens serviran per preparar i gaudir d'un deliciós i senzill menjar per recuperar forces.</span></p>
<p><span style="font-weight: 400">ELABORA</span></p>
<p><i><span style="font-weight: 400">Hora : 6:00 pm</span></i></p>
<p><b>Taller de plantes</b></p>
<p><span style="font-weight: 400">A la tarda farem un interessant taller de plantes medicinals on utilitzarem plantes de l'entorn per elaborar algun producte amb les nostres pròpies mans que després podrem emportar-nos a casa. En aquest taller a més aprendrem a distingir les diferents plantes i els mètodes per elaborar productes amb elles com cremes, ungüents, perfums, sabons...</span></p>
<p><span style="font-weight: 400">SOMIA</span></p>
<p><i><span style="font-weight: 400">Hora : 10:00 pm</span></i></p>
<p><b>Estrelles i descans</b></p>
<p><span style="font-weight: 400">Amb l'arribada de la nit i les estrelles ens aproparem a l'escola verda per aprendre a identificar i distingir les estrelles i les constel·lacions, aprofitant un cel net i sense contaminació lumínica.</span></p>
<p><span style="font-weight: 400">Després podrem descansar a la casa rural Las Lezas, al mateix Biel.</span></p>
<p><span style="font-weight: 400">CONEIX</span></p>
<p><i><span style="font-weight: 400">Hora : 11:00</span></i></p>
<p><b>Joc i visita cultural</b></p>
<p><span style="font-weight: 400">L'endemà, ben descansats, ens tocarà recórrer els carrers estrets i empedrats de Biel per conèixer tots els seus secrets a través d'un joc de pistes que ens portarà al castell, a les cases i racons ia interactuar amb els seus habitants.</span></p>
